{"id":6258,"date":"2023-03-28T13:18:45","date_gmt":"2023-03-28T13:18:45","guid":{"rendered":"https:\/\/ridextravel.com\/ridemybike\/?page_id=6258"},"modified":"2023-03-28T13:18:45","modified_gmt":"2023-03-28T13:18:45","slug":"shimano","status":"publish","type":"page","link":"https:\/\/ridextravel.com\/ridemybike\/produtos\/equipamento\/calcado\/shimano\/","title":{"rendered":"SHIMANO"},"content":{"rendered":"<div class=\"wpb-content-wrapper\">[vc_row][vc_column]<style>.vcex-heading.vcex_6a0302e3ed879 .vcex-heading-inner{border-color:var(--wpex-accent);}.vcex-heading.vcex_6a0302e3ed879{border-color:var(--wpex-on-accent);}<\/style><div class=\"vcex-heading vcex-heading-bottom-border-w-color vcex-module wpex-heading wpex-text-2xl wpex-border-b-2 wpex-border-solid wpex-border-main vcex_6a0302e3ed879\"><span class=\"vcex-heading-inner wpex-inline-block wpex-relative wpex-pb-5 wpex-border-b-2 wpex-border-solid wpex-border-accent\">SHIMANO<\/span><\/div><div class=\"woocommerce columns-3 \">\n\t<ul class=\"products wpex-grid wpex-grid-cols-3 wpex-pp-grid-cols-1 wpex-gap-20 wpex-clear\">\n\n<li class=\"entry has-media product type-product post-1634 status-publish first instock product_cat-calcado product_cat-equipamento product_cat-shimano has-post-thumbnail taxable shipping-taxable purchasable product-type-simple\">\n\t<div class=\"product-inner wpex-flex wpex-flex-col wpex-flex-grow wpex-relative textcenter\"><div class=\"wpex-loop-product-images wpex-overflow-hidden wpex-relative\"><a href=\"https:\/\/ridextravel.com\/ridemybike\/produto\/calcado-de-estrada-s-phyre-rc902-vermelha\/\" class=\"woocommerce-LoopProduct-link woocommerce-loop-product__link\">\n\t<div class=\"woo-entry-image-swap wpex-clr\"><img width=\"750\" height=\"750\" src=\"https:\/\/ridextravel.com\/ridemybike\/wp-content\/uploads\/2022\/06\/SHIMANO-\u2013-ROAD-S-PHYRE-RC902-VERMELHA.jpg\" class=\"woo-entry-image-main wp-post-image\" alt=\"Cal\u00e7ado de Estrada s-phyre RC902 vermelha\" loading=\"lazy\" decoding=\"async\" srcset=\"https:\/\/ridextravel.com\/ridemybike\/wp-content\/uploads\/2022\/06\/SHIMANO-\u2013-ROAD-S-PHYRE-RC902-VERMELHA.jpg 750w, https:\/\/ridextravel.com\/ridemybike\/wp-content\/uploads\/2022\/06\/SHIMANO-\u2013-ROAD-S-PHYRE-RC902-VERMELHA-300x300.jpg 300w, https:\/\/ridextravel.com\/ridemybike\/wp-content\/uploads\/2022\/06\/SHIMANO-\u2013-ROAD-S-PHYRE-RC902-VERMELHA-150x150.jpg 150w, https:\/\/ridextravel.com\/ridemybike\/wp-content\/uploads\/2022\/06\/SHIMANO-\u2013-ROAD-S-PHYRE-RC902-VERMELHA-600x600.jpg 600w, https:\/\/ridextravel.com\/ridemybike\/wp-content\/uploads\/2022\/06\/SHIMANO-\u2013-ROAD-S-PHYRE-RC902-VERMELHA-100x100.jpg 100w\" sizes=\"auto, (max-width: 750px) 100vw, 750px\" \/><img width=\"750\" height=\"750\" src=\"https:\/\/ridextravel.com\/ridemybike\/wp-content\/uploads\/2022\/06\/SHIMANO-\u2013-ROAD-S-PHYRE-RC902-VERMELHA1.jpg\" class=\"woo-entry-image-secondary\" alt=\"\" loading=\"lazy\" decoding=\"async\" srcset=\"https:\/\/ridextravel.com\/ridemybike\/wp-content\/uploads\/2022\/06\/SHIMANO-\u2013-ROAD-S-PHYRE-RC902-VERMELHA1.jpg 750w, https:\/\/ridextravel.com\/ridemybike\/wp-content\/uploads\/2022\/06\/SHIMANO-\u2013-ROAD-S-PHYRE-RC902-VERMELHA1-300x300.jpg 300w, https:\/\/ridextravel.com\/ridemybike\/wp-content\/uploads\/2022\/06\/SHIMANO-\u2013-ROAD-S-PHYRE-RC902-VERMELHA1-150x150.jpg 150w, https:\/\/ridextravel.com\/ridemybike\/wp-content\/uploads\/2022\/06\/SHIMANO-\u2013-ROAD-S-PHYRE-RC902-VERMELHA1-600x600.jpg 600w, https:\/\/ridextravel.com\/ridemybike\/wp-content\/uploads\/2022\/06\/SHIMANO-\u2013-ROAD-S-PHYRE-RC902-VERMELHA1-100x100.jpg 100w\" sizes=\"auto, (max-width: 750px) 100vw, 750px\" \/><\/div>\n\n<\/a>\t\t<div class=\"wpex-loop-product-add-to-cart wpex-absolute wpex-bottom-0 wpex-left-0 wpex-right-0 wpex-text-center wpex-transition-all wpex-duration-250 wpex-z-2 wpex-translate-y-100\"><a href=\"\/ridemybike\/wp-json\/wp\/v2\/pages\/6258?add-to-cart=1634\" aria-describedby=\"woocommerce_loop_add_to_cart_link_describedby_1634\" data-quantity=\"1\" class=\"button product_type_simple add_to_cart_button ajax_add_to_cart\" data-product_id=\"1634\" data-product_sku=\"ESHRC92MCR01S44\" aria-label=\"Adiciona ao carrinho: &ldquo;Cal\u00e7ado de Estrada s-phyre RC902 vermelha&rdquo;\" rel=\"nofollow\" data-success_message=\"&ldquo;Cal\u00e7ado de Estrada s-phyre RC902 vermelha&rdquo; foi adicionado ao seu carrinho\">Adicionar<span class=\"wpex-woocommerce-add-to-cart-button-loader wpex-inline-block wpex-w-0 wpex-invisible wpex-opacity-0\"><span class=\"ticon-spin ticon ticon-spinner\" aria-hidden=\"true\"><\/span><\/span><\/a>\t<span id=\"woocommerce_loop_add_to_cart_link_describedby_1634\" class=\"screen-reader-text\">\n\t\t\t<\/span>\n<\/div>\n\t<\/div><div class=\"product-details wpex-pt-15\"><a href=\"https:\/\/ridextravel.com\/ridemybike\/produto\/calcado-de-estrada-s-phyre-rc902-vermelha\/\"><h2 class=\"woocommerce-loop-product__title\">Cal\u00e7ado de Estrada s-phyre RC902 vermelha<\/h2><\/a>\n\t<span class=\"price\"><span class=\"woocommerce-Price-amount amount\"><bdi>369,99&nbsp;<span class=\"woocommerce-Price-currencySymbol\">&euro;<\/span><\/bdi><\/span> <small class=\"woocommerce-price-suffix\">com IVA<\/small><\/span>\n<\/div><\/div><\/li>\n<li class=\"entry has-media product type-product post-1642 status-publish instock product_cat-calcado product_cat-equipamento product_cat-shimano has-post-thumbnail taxable shipping-taxable purchasable product-type-simple\">\n\t<div class=\"product-inner wpex-flex wpex-flex-col wpex-flex-grow wpex-relative textcenter\"><div class=\"wpex-loop-product-images wpex-overflow-hidden wpex-relative\"><a href=\"https:\/\/ridextravel.com\/ridemybike\/produto\/calcado-de-estrada-shimano-rc1\/\" class=\"woocommerce-LoopProduct-link woocommerce-loop-product__link\">\n\t<div class=\"woo-entry-image-swap wpex-clr\"><img width=\"750\" height=\"750\" src=\"https:\/\/ridextravel.com\/ridemybike\/wp-content\/uploads\/2022\/06\/shimano-rc1-road-shoes.jpg\" class=\"woo-entry-image-main wp-post-image\" alt=\"Cal\u00e7ado de Estrada Shimano RC1\" loading=\"lazy\" decoding=\"async\" srcset=\"https:\/\/ridextravel.com\/ridemybike\/wp-content\/uploads\/2022\/06\/shimano-rc1-road-shoes.jpg 750w, https:\/\/ridextravel.com\/ridemybike\/wp-content\/uploads\/2022\/06\/shimano-rc1-road-shoes-300x300.jpg 300w, https:\/\/ridextravel.com\/ridemybike\/wp-content\/uploads\/2022\/06\/shimano-rc1-road-shoes-150x150.jpg 150w, https:\/\/ridextravel.com\/ridemybike\/wp-content\/uploads\/2022\/06\/shimano-rc1-road-shoes-600x600.jpg 600w, https:\/\/ridextravel.com\/ridemybike\/wp-content\/uploads\/2022\/06\/shimano-rc1-road-shoes-100x100.jpg 100w\" sizes=\"auto, (max-width: 750px) 100vw, 750px\" \/><img width=\"750\" height=\"750\" src=\"https:\/\/ridextravel.com\/ridemybike\/wp-content\/uploads\/2022\/06\/shimano-rc1-road-shoes2.jpg\" class=\"woo-entry-image-secondary\" alt=\"\" loading=\"lazy\" decoding=\"async\" srcset=\"https:\/\/ridextravel.com\/ridemybike\/wp-content\/uploads\/2022\/06\/shimano-rc1-road-shoes2.jpg 750w, https:\/\/ridextravel.com\/ridemybike\/wp-content\/uploads\/2022\/06\/shimano-rc1-road-shoes2-300x300.jpg 300w, https:\/\/ridextravel.com\/ridemybike\/wp-content\/uploads\/2022\/06\/shimano-rc1-road-shoes2-150x150.jpg 150w, https:\/\/ridextravel.com\/ridemybike\/wp-content\/uploads\/2022\/06\/shimano-rc1-road-shoes2-600x600.jpg 600w, https:\/\/ridextravel.com\/ridemybike\/wp-content\/uploads\/2022\/06\/shimano-rc1-road-shoes2-100x100.jpg 100w\" sizes=\"auto, (max-width: 750px) 100vw, 750px\" \/><\/div>\n\n<\/a>\t\t<div class=\"wpex-loop-product-add-to-cart wpex-absolute wpex-bottom-0 wpex-left-0 wpex-right-0 wpex-text-center wpex-transition-all wpex-duration-250 wpex-z-2 wpex-translate-y-100\"><a href=\"\/ridemybike\/wp-json\/wp\/v2\/pages\/6258?add-to-cart=1642\" aria-describedby=\"woocommerce_loop_add_to_cart_link_describedby_1642\" data-quantity=\"1\" class=\"button product_type_simple add_to_cart_button ajax_add_to_cart\" data-product_id=\"1642\" data-product_sku=\"ESHRC10044\" aria-label=\"Adiciona ao carrinho: &ldquo;Cal\u00e7ado de Estrada Shimano RC1&rdquo;\" rel=\"nofollow\" data-success_message=\"&ldquo;Cal\u00e7ado de Estrada Shimano RC1&rdquo; foi adicionado ao seu carrinho\">Adicionar<span class=\"wpex-woocommerce-add-to-cart-button-loader wpex-inline-block wpex-w-0 wpex-invisible wpex-opacity-0\"><span class=\"ticon-spin ticon ticon-spinner\" aria-hidden=\"true\"><\/span><\/span><\/a>\t<span id=\"woocommerce_loop_add_to_cart_link_describedby_1642\" class=\"screen-reader-text\">\n\t\t\t<\/span>\n<\/div>\n\t<\/div><div class=\"product-details wpex-pt-15\"><a href=\"https:\/\/ridextravel.com\/ridemybike\/produto\/calcado-de-estrada-shimano-rc1\/\"><h2 class=\"woocommerce-loop-product__title\">Cal\u00e7ado de Estrada Shimano RC1<\/h2><\/a>\n\t<span class=\"price\"><span class=\"woocommerce-Price-amount amount\"><bdi>79,99&nbsp;<span class=\"woocommerce-Price-currencySymbol\">&euro;<\/span><\/bdi><\/span> <small class=\"woocommerce-price-suffix\">com IVA<\/small><\/span>\n<\/div><\/div><\/li>\n<li class=\"entry has-media product type-product post-1617 status-publish last instock product_cat-calcado product_cat-equipamento product_cat-shimano has-post-thumbnail taxable shipping-taxable purchasable product-type-variable has-default-attributes\">\n\t<div class=\"product-inner wpex-flex wpex-flex-col wpex-flex-grow wpex-relative textcenter\"><div class=\"wpex-loop-product-images wpex-overflow-hidden wpex-relative\"><a href=\"https:\/\/ridextravel.com\/ridemybike\/produto\/calcado-de-estrada-shimano-rc502\/\" class=\"woocommerce-LoopProduct-link woocommerce-loop-product__link\">\n\t<div class=\"woo-entry-image-swap wpex-clr\"><img width=\"750\" height=\"750\" src=\"https:\/\/ridextravel.com\/ridemybike\/wp-content\/uploads\/2022\/06\/shimano-tenis-estrada-rc502.jpg\" class=\"woo-entry-image-main wp-post-image\" alt=\"Cal\u00e7ado de Estrada Shimano RC502\" loading=\"lazy\" decoding=\"async\" srcset=\"https:\/\/ridextravel.com\/ridemybike\/wp-content\/uploads\/2022\/06\/shimano-tenis-estrada-rc502.jpg 750w, https:\/\/ridextravel.com\/ridemybike\/wp-content\/uploads\/2022\/06\/shimano-tenis-estrada-rc502-300x300.jpg 300w, https:\/\/ridextravel.com\/ridemybike\/wp-content\/uploads\/2022\/06\/shimano-tenis-estrada-rc502-150x150.jpg 150w, https:\/\/ridextravel.com\/ridemybike\/wp-content\/uploads\/2022\/06\/shimano-tenis-estrada-rc502-600x600.jpg 600w, https:\/\/ridextravel.com\/ridemybike\/wp-content\/uploads\/2022\/06\/shimano-tenis-estrada-rc502-100x100.jpg 100w\" sizes=\"auto, (max-width: 750px) 100vw, 750px\" \/><img width=\"750\" height=\"750\" src=\"https:\/\/ridextravel.com\/ridemybike\/wp-content\/uploads\/2022\/06\/shimano-tenis-estrada-rc502-1-1.jpg\" class=\"woo-entry-image-secondary\" alt=\"\" loading=\"lazy\" decoding=\"async\" srcset=\"https:\/\/ridextravel.com\/ridemybike\/wp-content\/uploads\/2022\/06\/shimano-tenis-estrada-rc502-1-1.jpg 750w, https:\/\/ridextravel.com\/ridemybike\/wp-content\/uploads\/2022\/06\/shimano-tenis-estrada-rc502-1-1-300x300.jpg 300w, https:\/\/ridextravel.com\/ridemybike\/wp-content\/uploads\/2022\/06\/shimano-tenis-estrada-rc502-1-1-150x150.jpg 150w, https:\/\/ridextravel.com\/ridemybike\/wp-content\/uploads\/2022\/06\/shimano-tenis-estrada-rc502-1-1-600x600.jpg 600w, https:\/\/ridextravel.com\/ridemybike\/wp-content\/uploads\/2022\/06\/shimano-tenis-estrada-rc502-1-1-100x100.jpg 100w\" sizes=\"auto, (max-width: 750px) 100vw, 750px\" \/><\/div>\n\n<\/a>\t\t<div class=\"wpex-loop-product-add-to-cart wpex-absolute wpex-bottom-0 wpex-left-0 wpex-right-0 wpex-text-center wpex-transition-all wpex-duration-250 wpex-z-2 wpex-translate-y-100\"><a href=\"https:\/\/ridextravel.com\/ridemybike\/produto\/calcado-de-estrada-shimano-rc502\/\" aria-describedby=\"woocommerce_loop_add_to_cart_link_describedby_1617\" data-quantity=\"1\" class=\"button product_type_variable add_to_cart_button\" data-product_id=\"1617\" data-product_sku=\"\" aria-label=\"Seleccione as op\u00e7\u00f5es para &ldquo;Cal\u00e7ado de Estrada Shimano RC502&rdquo;\" rel=\"nofollow\">Ver op\u00e7\u00f5es<\/a>\t<span id=\"woocommerce_loop_add_to_cart_link_describedby_1617\" class=\"screen-reader-text\">\n\t\tThis product has multiple variants. The options may be chosen on the product page\t<\/span>\n<\/div>\n\t<\/div><div class=\"product-details wpex-pt-15\"><a href=\"https:\/\/ridextravel.com\/ridemybike\/produto\/calcado-de-estrada-shimano-rc502\/\"><h2 class=\"woocommerce-loop-product__title\">Cal\u00e7ado de Estrada Shimano RC502<\/h2><\/a>\n\t<span class=\"price\"><span class=\"woocommerce-Price-amount amount\" aria-hidden=\"true\"><bdi>155,00&nbsp;<span class=\"woocommerce-Price-currencySymbol\">&euro;<\/span><\/bdi><\/span> <span aria-hidden=\"true\">&ndash;<\/span> <span class=\"woocommerce-Price-amount amount\" aria-hidden=\"true\"><bdi>155,50&nbsp;<span class=\"woocommerce-Price-currencySymbol\">&euro;<\/span><\/bdi><\/span><span class=\"screen-reader-text\">Price range: 155,00&nbsp;&euro; through 155,50&nbsp;&euro;<\/span> <small class=\"woocommerce-price-suffix\">com IVA<\/small><\/span>\n<\/div><\/div><\/li>\n<li class=\"entry has-media product type-product post-1638 status-publish first instock product_cat-calcado product_cat-equipamento product_cat-shimano has-post-thumbnail taxable shipping-taxable purchasable product-type-simple\">\n\t<div class=\"product-inner wpex-flex wpex-flex-col wpex-flex-grow wpex-relative textcenter\"><div class=\"wpex-loop-product-images wpex-overflow-hidden wpex-relative\"><a href=\"https:\/\/ridextravel.com\/ridemybike\/produto\/calcado-de-estrada-shimano-rc7\/\" class=\"woocommerce-LoopProduct-link woocommerce-loop-product__link\">\n\t<div class=\"woo-entry-image-swap wpex-clr\"><img width=\"750\" height=\"750\" src=\"https:\/\/ridextravel.com\/ridemybike\/wp-content\/uploads\/2022\/06\/Shimano-RC7-shoes.jpg\" class=\"woo-entry-image-main wp-post-image\" alt=\"Cal\u00e7ado de Estrada SHIMANO RC7\" loading=\"lazy\" decoding=\"async\" srcset=\"https:\/\/ridextravel.com\/ridemybike\/wp-content\/uploads\/2022\/06\/Shimano-RC7-shoes.jpg 750w, https:\/\/ridextravel.com\/ridemybike\/wp-content\/uploads\/2022\/06\/Shimano-RC7-shoes-300x300.jpg 300w, https:\/\/ridextravel.com\/ridemybike\/wp-content\/uploads\/2022\/06\/Shimano-RC7-shoes-150x150.jpg 150w, https:\/\/ridextravel.com\/ridemybike\/wp-content\/uploads\/2022\/06\/Shimano-RC7-shoes-600x600.jpg 600w, https:\/\/ridextravel.com\/ridemybike\/wp-content\/uploads\/2022\/06\/Shimano-RC7-shoes-100x100.jpg 100w\" sizes=\"auto, (max-width: 750px) 100vw, 750px\" \/><img width=\"750\" height=\"750\" src=\"https:\/\/ridextravel.com\/ridemybike\/wp-content\/uploads\/2022\/06\/Shimano-RC7-shoes1.jpg\" class=\"woo-entry-image-secondary\" alt=\"\" loading=\"lazy\" decoding=\"async\" srcset=\"https:\/\/ridextravel.com\/ridemybike\/wp-content\/uploads\/2022\/06\/Shimano-RC7-shoes1.jpg 750w, https:\/\/ridextravel.com\/ridemybike\/wp-content\/uploads\/2022\/06\/Shimano-RC7-shoes1-300x300.jpg 300w, https:\/\/ridextravel.com\/ridemybike\/wp-content\/uploads\/2022\/06\/Shimano-RC7-shoes1-150x150.jpg 150w, https:\/\/ridextravel.com\/ridemybike\/wp-content\/uploads\/2022\/06\/Shimano-RC7-shoes1-600x600.jpg 600w, https:\/\/ridextravel.com\/ridemybike\/wp-content\/uploads\/2022\/06\/Shimano-RC7-shoes1-100x100.jpg 100w\" sizes=\"auto, (max-width: 750px) 100vw, 750px\" \/><\/div>\n\n<\/a>\t\t<div class=\"wpex-loop-product-add-to-cart wpex-absolute wpex-bottom-0 wpex-left-0 wpex-right-0 wpex-text-center wpex-transition-all wpex-duration-250 wpex-z-2 wpex-translate-y-100\"><a href=\"\/ridemybike\/wp-json\/wp\/v2\/pages\/6258?add-to-cart=1638\" aria-describedby=\"woocommerce_loop_add_to_cart_link_describedby_1638\" data-quantity=\"1\" class=\"button product_type_simple add_to_cart_button ajax_add_to_cart\" data-product_id=\"1638\" data-product_sku=\"ESHRC701MMCW43\" aria-label=\"Adiciona ao carrinho: &ldquo;Cal\u00e7ado de Estrada SHIMANO RC7&rdquo;\" rel=\"nofollow\" data-success_message=\"&ldquo;Cal\u00e7ado de Estrada SHIMANO RC7&rdquo; foi adicionado ao seu carrinho\">Adicionar<span class=\"wpex-woocommerce-add-to-cart-button-loader wpex-inline-block wpex-w-0 wpex-invisible wpex-opacity-0\"><span class=\"ticon-spin ticon ticon-spinner\" aria-hidden=\"true\"><\/span><\/span><\/a>\t<span id=\"woocommerce_loop_add_to_cart_link_describedby_1638\" class=\"screen-reader-text\">\n\t\t\t<\/span>\n<\/div>\n\t<\/div><div class=\"product-details wpex-pt-15\"><a href=\"https:\/\/ridextravel.com\/ridemybike\/produto\/calcado-de-estrada-shimano-rc7\/\"><h2 class=\"woocommerce-loop-product__title\">Cal\u00e7ado de Estrada SHIMANO RC7<\/h2><\/a>\n\t<span class=\"price\"><span class=\"woocommerce-Price-amount amount\"><bdi>203,50&nbsp;<span class=\"woocommerce-Price-currencySymbol\">&euro;<\/span><\/bdi><\/span> <small class=\"woocommerce-price-suffix\">com IVA<\/small><\/span>\n<\/div><\/div><\/li>\n<li class=\"entry has-media product type-product post-1630 status-publish instock product_cat-calcado product_cat-equipamento product_cat-shimano has-post-thumbnail taxable shipping-taxable purchasable product-type-simple\">\n\t<div class=\"product-inner wpex-flex wpex-flex-col wpex-flex-grow wpex-relative textcenter\"><div class=\"wpex-loop-product-images wpex-overflow-hidden wpex-relative\"><a href=\"https:\/\/ridextravel.com\/ridemybike\/produto\/calcado-de-estrada-shimano-rc702\/\" class=\"woocommerce-LoopProduct-link woocommerce-loop-product__link\">\n\t<div class=\"woo-entry-image-swap wpex-clr\"><img width=\"750\" height=\"750\" src=\"https:\/\/ridextravel.com\/ridemybike\/wp-content\/uploads\/2022\/06\/shimano-tenis-estrada-rc702.jpg\" class=\"woo-entry-image-main wp-post-image\" alt=\"Cal\u00e7ado de Estrada Shimano RC702\" loading=\"lazy\" decoding=\"async\" srcset=\"https:\/\/ridextravel.com\/ridemybike\/wp-content\/uploads\/2022\/06\/shimano-tenis-estrada-rc702.jpg 750w, https:\/\/ridextravel.com\/ridemybike\/wp-content\/uploads\/2022\/06\/shimano-tenis-estrada-rc702-300x300.jpg 300w, https:\/\/ridextravel.com\/ridemybike\/wp-content\/uploads\/2022\/06\/shimano-tenis-estrada-rc702-150x150.jpg 150w, https:\/\/ridextravel.com\/ridemybike\/wp-content\/uploads\/2022\/06\/shimano-tenis-estrada-rc702-600x600.jpg 600w, https:\/\/ridextravel.com\/ridemybike\/wp-content\/uploads\/2022\/06\/shimano-tenis-estrada-rc702-100x100.jpg 100w\" sizes=\"auto, (max-width: 750px) 100vw, 750px\" \/><img width=\"750\" height=\"750\" src=\"https:\/\/ridextravel.com\/ridemybike\/wp-content\/uploads\/2022\/06\/shimano-tenis-estrada-rc702-1.jpg\" class=\"woo-entry-image-secondary\" alt=\"\" loading=\"lazy\" decoding=\"async\" srcset=\"https:\/\/ridextravel.com\/ridemybike\/wp-content\/uploads\/2022\/06\/shimano-tenis-estrada-rc702-1.jpg 750w, https:\/\/ridextravel.com\/ridemybike\/wp-content\/uploads\/2022\/06\/shimano-tenis-estrada-rc702-1-300x300.jpg 300w, https:\/\/ridextravel.com\/ridemybike\/wp-content\/uploads\/2022\/06\/shimano-tenis-estrada-rc702-1-150x150.jpg 150w, https:\/\/ridextravel.com\/ridemybike\/wp-content\/uploads\/2022\/06\/shimano-tenis-estrada-rc702-1-600x600.jpg 600w, https:\/\/ridextravel.com\/ridemybike\/wp-content\/uploads\/2022\/06\/shimano-tenis-estrada-rc702-1-100x100.jpg 100w\" sizes=\"auto, (max-width: 750px) 100vw, 750px\" \/><\/div>\n\n<\/a>\t\t<div class=\"wpex-loop-product-add-to-cart wpex-absolute wpex-bottom-0 wpex-left-0 wpex-right-0 wpex-text-center wpex-transition-all wpex-duration-250 wpex-z-2 wpex-translate-y-100\"><a href=\"\/ridemybike\/wp-json\/wp\/v2\/pages\/6258?add-to-cart=1630\" aria-describedby=\"woocommerce_loop_add_to_cart_link_describedby_1630\" data-quantity=\"1\" class=\"button product_type_simple add_to_cart_button ajax_add_to_cart\" data-product_id=\"1630\" data-product_sku=\"ESHRC702MCL44\" aria-label=\"Adiciona ao carrinho: &ldquo;Cal\u00e7ado de Estrada Shimano RC702&rdquo;\" rel=\"nofollow\" data-success_message=\"&ldquo;Cal\u00e7ado de Estrada Shimano RC702&rdquo; foi adicionado ao seu carrinho\">Adicionar<span class=\"wpex-woocommerce-add-to-cart-button-loader wpex-inline-block wpex-w-0 wpex-invisible wpex-opacity-0\"><span class=\"ticon-spin ticon ticon-spinner\" aria-hidden=\"true\"><\/span><\/span><\/a>\t<span id=\"woocommerce_loop_add_to_cart_link_describedby_1630\" class=\"screen-reader-text\">\n\t\t\t<\/span>\n<\/div>\n\t<\/div><div class=\"product-details wpex-pt-15\"><a href=\"https:\/\/ridextravel.com\/ridemybike\/produto\/calcado-de-estrada-shimano-rc702\/\"><h2 class=\"woocommerce-loop-product__title\">Cal\u00e7ado de Estrada Shimano RC702<\/h2><\/a>\n\t<span class=\"price\"><span class=\"woocommerce-Price-amount amount\"><bdi>222,00&nbsp;<span class=\"woocommerce-Price-currencySymbol\">&euro;<\/span><\/bdi><\/span> <small class=\"woocommerce-price-suffix\">com IVA<\/small><\/span>\n<\/div><\/div><\/li>\n<li class=\"entry has-media product type-product post-1611 status-publish last instock product_cat-calcado product_cat-equipamento product_cat-shimano has-post-thumbnail taxable shipping-taxable purchasable product-type-simple\">\n\t<div class=\"product-inner wpex-flex wpex-flex-col wpex-flex-grow wpex-relative textcenter\"><div class=\"wpex-loop-product-images wpex-overflow-hidden wpex-relative\"><a href=\"https:\/\/ridextravel.com\/ridemybike\/produto\/shimano-rc3-vermelho\/\" class=\"woocommerce-LoopProduct-link woocommerce-loop-product__link\">\n\t<div class=\"woo-entry-image-swap wpex-clr\"><img width=\"750\" height=\"750\" src=\"https:\/\/ridextravel.com\/ridemybike\/wp-content\/uploads\/2022\/06\/calcado-shimano-rc3-vermelho-preto.jpg\" class=\"woo-entry-image-main wp-post-image\" alt=\"Shimano RC3 vermelho\" loading=\"lazy\" decoding=\"async\" srcset=\"https:\/\/ridextravel.com\/ridemybike\/wp-content\/uploads\/2022\/06\/calcado-shimano-rc3-vermelho-preto.jpg 750w, https:\/\/ridextravel.com\/ridemybike\/wp-content\/uploads\/2022\/06\/calcado-shimano-rc3-vermelho-preto-300x300.jpg 300w, https:\/\/ridextravel.com\/ridemybike\/wp-content\/uploads\/2022\/06\/calcado-shimano-rc3-vermelho-preto-150x150.jpg 150w, https:\/\/ridextravel.com\/ridemybike\/wp-content\/uploads\/2022\/06\/calcado-shimano-rc3-vermelho-preto-600x600.jpg 600w, https:\/\/ridextravel.com\/ridemybike\/wp-content\/uploads\/2022\/06\/calcado-shimano-rc3-vermelho-preto-100x100.jpg 100w\" sizes=\"auto, (max-width: 750px) 100vw, 750px\" \/><img width=\"750\" height=\"750\" src=\"https:\/\/ridextravel.com\/ridemybike\/wp-content\/uploads\/2022\/06\/calcado-shimano-rc3-vermelho-preto1.jpg\" class=\"woo-entry-image-secondary\" alt=\"\" loading=\"lazy\" decoding=\"async\" srcset=\"https:\/\/ridextravel.com\/ridemybike\/wp-content\/uploads\/2022\/06\/calcado-shimano-rc3-vermelho-preto1.jpg 750w, https:\/\/ridextravel.com\/ridemybike\/wp-content\/uploads\/2022\/06\/calcado-shimano-rc3-vermelho-preto1-300x300.jpg 300w, https:\/\/ridextravel.com\/ridemybike\/wp-content\/uploads\/2022\/06\/calcado-shimano-rc3-vermelho-preto1-150x150.jpg 150w, https:\/\/ridextravel.com\/ridemybike\/wp-content\/uploads\/2022\/06\/calcado-shimano-rc3-vermelho-preto1-600x600.jpg 600w, https:\/\/ridextravel.com\/ridemybike\/wp-content\/uploads\/2022\/06\/calcado-shimano-rc3-vermelho-preto1-100x100.jpg 100w\" sizes=\"auto, (max-width: 750px) 100vw, 750px\" \/><\/div>\n\n<\/a>\t\t<div class=\"wpex-loop-product-add-to-cart wpex-absolute wpex-bottom-0 wpex-left-0 wpex-right-0 wpex-text-center wpex-transition-all wpex-duration-250 wpex-z-2 wpex-translate-y-100\"><a href=\"\/ridemybike\/wp-json\/wp\/v2\/pages\/6258?add-to-cart=1611\" aria-describedby=\"woocommerce_loop_add_to_cart_link_describedby_1611\" data-quantity=\"1\" class=\"button product_type_simple add_to_cart_button ajax_add_to_cart\" data-product_id=\"1611\" data-product_sku=\"ESHRC300MGR46\" aria-label=\"Adiciona ao carrinho: &ldquo;Shimano RC3 vermelho&rdquo;\" rel=\"nofollow\" data-success_message=\"&ldquo;Shimano RC3 vermelho&rdquo; foi adicionado ao seu carrinho\">Adicionar<span class=\"wpex-woocommerce-add-to-cart-button-loader wpex-inline-block wpex-w-0 wpex-invisible wpex-opacity-0\"><span class=\"ticon-spin ticon ticon-spinner\" aria-hidden=\"true\"><\/span><\/span><\/a>\t<span id=\"woocommerce_loop_add_to_cart_link_describedby_1611\" class=\"screen-reader-text\">\n\t\t\t<\/span>\n<\/div>\n\t<\/div><div class=\"product-details wpex-pt-15\"><a href=\"https:\/\/ridextravel.com\/ridemybike\/produto\/shimano-rc3-vermelho\/\"><h2 class=\"woocommerce-loop-product__title\">Shimano RC3 vermelho<\/h2><\/a>\n\t<span class=\"price\"><span class=\"woocommerce-Price-amount amount\"><bdi>99,99&nbsp;<span class=\"woocommerce-Price-currencySymbol\">&euro;<\/span><\/bdi><\/span> <small class=\"woocommerce-price-suffix\">com IVA<\/small><\/span>\n<\/div><\/div><\/li>\n<\/ul>\n<\/div>[\/vc_column][\/vc_row]\n<\/div>","protected":false},"excerpt":{"rendered":"<p>[vc_row][vc_column][\/vc_column][\/vc_row]<\/p>\n","protected":false},"author":2,"featured_media":0,"parent":1268,"menu_order":0,"comment_status":"closed","ping_status":"closed","template":"","meta":{"footnotes":""},"class_list":["post-6258","page","type-page","status-publish","hentry","entry","no-media"],"_links":{"self":[{"href":"https:\/\/ridextravel.com\/ridemybike\/wp-json\/wp\/v2\/pages\/6258","targetHints":{"allow":["GET"]}}],"collection":[{"href":"https:\/\/ridextravel.com\/ridemybike\/wp-json\/wp\/v2\/pages"}],"about":[{"href":"https:\/\/ridextravel.com\/ridemybike\/wp-json\/wp\/v2\/types\/page"}],"author":[{"embeddable":true,"href":"https:\/\/ridextravel.com\/ridemybike\/wp-json\/wp\/v2\/users\/2"}],"replies":[{"embeddable":true,"href":"https:\/\/ridextravel.com\/ridemybike\/wp-json\/wp\/v2\/comments?post=6258"}],"version-history":[{"count":1,"href":"https:\/\/ridextravel.com\/ridemybike\/wp-json\/wp\/v2\/pages\/6258\/revisions"}],"predecessor-version":[{"id":6259,"href":"https:\/\/ridextravel.com\/ridemybike\/wp-json\/wp\/v2\/pages\/6258\/revisions\/6259"}],"up":[{"embeddable":true,"href":"https:\/\/ridextravel.com\/ridemybike\/wp-json\/wp\/v2\/pages\/1268"}],"wp:attachment":[{"href":"https:\/\/ridextravel.com\/ridemybike\/wp-json\/wp\/v2\/media?parent=6258"}],"curies":[{"name":"wp","href":"https:\/\/api.w.org\/{rel}","templated":true}]}}