{"id":892,"date":"2022-05-06T10:24:37","date_gmt":"2022-05-06T10:24:37","guid":{"rendered":"https:\/\/ridextravel.com\/ridemybike\/?page_id=892"},"modified":"2023-02-15T10:31:25","modified_gmt":"2023-02-15T10:31:25","slug":"servicos","status":"publish","type":"page","link":"https:\/\/ridextravel.com\/ridemybike\/servicos\/","title":{"rendered":"SERVI\u00c7OS"},"content":{"rendered":"<div class=\"wpb-content-wrapper\">[vc_row full_width=&#8221;stretch_row&#8221; content_placement=&#8221;middle&#8221;][vc_column width=&#8221;3\/4&#8243;][vc_column_text]Somos uma oficina certificada <strong>Shimano Service Center<\/strong> totalmente equipada para garantir e fornecer a confian\u00e7a de que a sua bicicleta estar\u00e1 sempre nas melhores m\u00e3os e nas melhores condi\u00e7\u00f5es.<\/p>\n<blockquote><p>Se utilizas a tua bicicleta para a competi\u00e7\u00e3o, desloca\u00e7\u00f5es em cidade ou apenas por prazer, um servi\u00e7o de manuten\u00e7\u00e3o de confian\u00e7a \u00e9 a chave para continuares a tirares o m\u00e1ximo proveito da tua bicicleta, estamos conscientes disto e \u00e9 por isso que no ridemybike temos os profissionais mais competentes que conhecem a sua bicicleta melhor do que ningu\u00e9m.<\/p><\/blockquote>\n<h3>Porque escolher um Shimano Service Center?<\/h3>\n<p>Num <strong>Shimano Service Center<\/strong>, vais conseguir um excelente servi\u00e7o de manuten\u00e7\u00e3o das pessoas que melhor conhecem a tua bicicleta. N\u00e3o tens de andar desconfiado ou preocupado com qualidade e seguran\u00e7a. Coloca-nos qualquer d\u00favida. Ficamos sempre satisfeitos por conseguir ajudar e aconselhar.<\/p>\n<p>Colocamos toda a nossa experi\u00eancia naquilo que te oferecemos &#8211; sempre.<\/p>\n<p><strong>Dispomos de um Excelente Servi\u00e7o T\u00e9cnico e Manuten\u00e7\u00e3o:<\/strong>[\/vc_column_text]<style>.vcex-bullets.vcex_69eb81662770d .vcex-bullets-icon{color:#01acef;}<\/style><div class=\"vcex-module vcex-bullets vcex-bullets--horizontal wpex-gap-5 custom-icon wpex-text-left vc_custom_1676455154467 vcex_69eb81662770d\">\n<ul>\n<li><div class=\"vcex-bullets-ci-wrap wpex-inline-flex\"><span class=\"vcex-bullets-icon-wrap vcex-icon-wrap wpex-mr-10\"><span class=\"vcex-bullets-icon vcex-icon vc-oi vc-oi-minus\" aria-hidden=\"true\"><\/span><\/span><div class=\"vcex-content wpex-flex-grow\">Equipa certificada<\/div><\/div><\/li>\n<li><div class=\"vcex-bullets-ci-wrap wpex-inline-flex\"><span class=\"vcex-bullets-icon-wrap vcex-icon-wrap wpex-mr-10\"><span class=\"vcex-bullets-icon vcex-icon vc-oi vc-oi-minus\" aria-hidden=\"true\"><\/span><\/span><div class=\"vcex-content wpex-flex-grow\">Usamos componentes originais Shimano<\/div><\/div><\/li>\n<li><div class=\"vcex-bullets-ci-wrap wpex-inline-flex\"><span class=\"vcex-bullets-icon-wrap vcex-icon-wrap wpex-mr-10\"><span class=\"vcex-bullets-icon vcex-icon vc-oi vc-oi-minus\" aria-hidden=\"true\"><\/span><\/span><div class=\"vcex-content wpex-flex-grow\">Utilizamos as tecnologias mais recentes da Shimano<\/div><\/div><\/li>\n<\/ul>\n<\/div>[\/vc_column][vc_column width=&#8221;1\/4&#8243;][vc_single_image image=&#8221;4633&#8243; alignment=&#8221;center&#8221; img_hover=&#8221;vertical-pan&#8221;][\/vc_column][\/vc_row][vc_row css_animation=&#8221;fadeInDown&#8221; full_width=&#8221;stretch_row_content&#8221; wpex_bg_overlay=&#8221;color&#8221; css=&#8221;.vc_custom_1676390857575{padding-top: 5% !important;padding-right: 10% !important;padding-left: 10% !important;}&#8221; wpex_bg_overlay_color=&#8221;on-accent&#8221; wpex_bg_overlay_opacity=&#8221;0.8&#8243;][vc_column width=&#8221;1\/4&#8243;]<div class=\"vcex-module vcex-pricing wpex-flex wpex-flex-col vcex-pricing-style-alt-2 wpex-leading-normal wpex-surface-1 wpex-p-20 wpex-border-solid wpex-border wpex-border-main wpex-last-mb-0\"><div class=\"vcex-pricing-plan vcex-pricing-header wpex-font-bold wpex-text-2xl wpex-text-1 wpex-border-b-3 wpex-border-solid wpex-border-accent wpex-mb-10 wpex-pb-10\" style=\"font-size:14px;text-transform:uppercase;font-family:Oxygen;\">Ride Clean - MTB<\/div><div class=\"vcex-pricing-cost wpex-text-2xl wpex-text-1 wpex-font-medium wpex-border-b wpex-border-solid wpex-border-main wpex-mb-20 wpex-pb-30\"><span class=\"vcex-pricing-ammount\">\u20ac15.00<\/span><\/div><div class=\"vcex-pricing-content wpex-flex-grow wpex-last-mb-0 wpex-clr wpex-my-20\"><ul>\n<li>Lavagem da bicicleta<\/li>\n<li>Lavagem da transmiss\u00e3o<\/li>\n<li>Lubrifica\u00e7\u00e3o da transmiss\u00e3o<\/li>\n<\/ul>\n<\/div><\/div>[vc_empty_space]<div class=\"vcex-module vcex-pricing wpex-flex wpex-flex-col vcex-pricing-style-alt-2 wpex-leading-normal wpex-surface-1 wpex-p-20 wpex-border-solid wpex-border wpex-border-main wpex-last-mb-0\"><div class=\"vcex-pricing-plan vcex-pricing-header wpex-font-bold wpex-text-2xl wpex-text-1 wpex-border-b-3 wpex-border-solid wpex-border-accent wpex-mb-10 wpex-pb-10\" style=\"font-size:14px;text-transform:uppercase;font-family:Oxygen;\">Ride Clean - Road<\/div><div class=\"vcex-pricing-cost wpex-text-2xl wpex-text-1 wpex-font-medium wpex-border-b wpex-border-solid wpex-border-main wpex-mb-20 wpex-pb-30\"><span class=\"vcex-pricing-ammount\">\u20ac12.50<\/span><\/div><div class=\"vcex-pricing-content wpex-flex-grow wpex-last-mb-0 wpex-clr wpex-my-20\"><ul>\n<li>Lavagem da bicicleta<\/li>\n<li>Lavagem da transmiss\u00e3o<\/li>\n<li>Lubrifica\u00e7\u00e3o da transmiss\u00e3o<\/li>\n<\/ul>\n<\/div><\/div>[\/vc_column][vc_column width=&#8221;1\/4&#8243;]<div class=\"vcex-module vcex-pricing wpex-flex wpex-flex-col vcex-pricing-style-alt-2 wpex-leading-normal wpex-surface-1 wpex-p-20 wpex-border-solid wpex-border wpex-border-main wpex-last-mb-0\"><div class=\"vcex-pricing-plan vcex-pricing-header wpex-font-bold wpex-text-2xl wpex-text-1 wpex-border-b-3 wpex-border-solid wpex-border-accent wpex-mb-10 wpex-pb-10\" style=\"font-size:14px;text-transform:uppercase;font-family:Oxygen;\">Ride Basic<\/div><div class=\"vcex-pricing-cost wpex-text-2xl wpex-text-1 wpex-font-medium wpex-border-b wpex-border-solid wpex-border-main wpex-mb-20 wpex-pb-30\"><span class=\"vcex-pricing-ammount\">\u20ac17.00<\/span><\/div><div class=\"vcex-pricing-content wpex-flex-grow wpex-last-mb-0 wpex-clr wpex-my-20\"><ul>\n<li>Lavagem da Bicicleta<\/li>\n<li>Lavagem da transmissao<\/li>\n<li>Lubrifica\u00e7\u00e3o da transmiss\u00e3o<\/li>\n<li>Verifica\u00e7\u00e3o do desgaste dos trav\u00f5es<\/li>\n<li>Verifica\u00e7\u00e3o do desgaste da transmiss\u00e3o<\/li>\n<li>Ajuste e aperto de rodas<\/li>\n<\/ul>\n<\/div><\/div>[vc_empty_space]<div class=\"vcex-module vcex-pricing wpex-flex wpex-flex-col vcex-pricing-style-alt-2 wpex-leading-normal wpex-surface-1 wpex-p-20 wpex-border-solid wpex-border wpex-border-main wpex-last-mb-0\"><div class=\"vcex-pricing-plan vcex-pricing-header wpex-font-bold wpex-text-2xl wpex-text-1 wpex-border-b-3 wpex-border-solid wpex-border-accent wpex-mb-10 wpex-pb-10\" style=\"font-size:14px;text-transform:uppercase;font-family:Oxygen;\">Ride | Express<\/div><div class=\"vcex-pricing-cost wpex-text-2xl wpex-text-1 wpex-font-medium wpex-border-b wpex-border-solid wpex-border-main wpex-mb-20 wpex-pb-30\"><span class=\"vcex-pricing-ammount\">\u20ac19.99<\/span><\/div><div class=\"vcex-pricing-content wpex-flex-grow wpex-last-mb-0 wpex-clr wpex-my-20\"><ul>\n<li>Repara\u00e7\u00e3o \/ manuten\u00e7\u00e3o<\/li>\n<li>Ou montagem de algum componente para personalizar a sua bicicleta.<\/li>\n<\/ul>\n<\/div><\/div>[\/vc_column][vc_column width=&#8221;1\/4&#8243;]<div class=\"vcex-module vcex-pricing wpex-flex wpex-flex-col vcex-pricing-style-alt-2 wpex-leading-normal wpex-surface-1 wpex-p-20 wpex-border-solid wpex-border wpex-border-main wpex-last-mb-0\"><div class=\"vcex-pricing-plan vcex-pricing-header wpex-font-bold wpex-text-2xl wpex-text-1 wpex-border-b-3 wpex-border-solid wpex-border-accent wpex-mb-10 wpex-pb-10\" style=\"font-size:14px;text-transform:uppercase;font-family:Oxygen;\">Ride Comp<\/div><div class=\"vcex-pricing-cost wpex-text-2xl wpex-text-1 wpex-font-medium wpex-border-b wpex-border-solid wpex-border-main wpex-mb-20 wpex-pb-30\"><span class=\"vcex-pricing-ammount\">\u20ac32.90<\/span><\/div><div class=\"vcex-pricing-content wpex-flex-grow wpex-last-mb-0 wpex-clr wpex-my-20\"><ul>\n<li>Lavagem completa<\/li>\n<li>Verifica\u00e7\u00e3o do desgaste dos componentes<\/li>\n<li>Ajuste dos parafusos do pedaleiro<\/li>\n<li>Ajuste e verifica\u00e7\u00e3o dos pedais<\/li>\n<li>Ajuste da dire\u00e7\u00e3o<\/li>\n<li>Ajuste do n\u00edvel do selim<\/li>\n<li>Ajuste dos parafusos do avan\u00e7o<\/li>\n<li>Afina\u00e7\u00e3o do guiador<\/li>\n<li>Afina\u00e7\u00e3o das manetes e man\u00edpulos<\/li>\n<li>Afina\u00e7\u00e3o dos trav\u00f5es<\/li>\n<li>Afina\u00e7\u00e3o das mudan\u00e7as frente\/tr\u00e1s<\/li>\n<li>Lubrifica\u00e7\u00e3o da transmiss\u00e3o<\/li>\n<li>Verifica\u00e7\u00e3o Final<\/li>\n<\/ul>\n<\/div><\/div>[\/vc_column][vc_column width=&#8221;1\/4&#8243;]<div class=\"vcex-module vcex-pricing wpex-flex wpex-flex-col vcex-pricing-style-alt-2 wpex-leading-normal wpex-surface-1 wpex-p-20 wpex-border-solid wpex-border wpex-border-main wpex-last-mb-0\"><div class=\"vcex-pricing-plan vcex-pricing-header wpex-font-bold wpex-text-2xl wpex-text-1 wpex-border-b-3 wpex-border-solid wpex-border-accent wpex-mb-10 wpex-pb-10\" style=\"font-size:14px;text-transform:uppercase;font-family:Oxygen;\">Ride Pro<\/div><div class=\"vcex-pricing-cost wpex-text-2xl wpex-text-1 wpex-font-medium wpex-border-b wpex-border-solid wpex-border-main wpex-mb-20 wpex-pb-30\"><span class=\"vcex-pricing-ammount\">\u20ac64.99<\/span><\/div><div class=\"vcex-pricing-content wpex-flex-grow wpex-last-mb-0 wpex-clr wpex-my-20\"><ul>\n<li>Lavagem completa<\/li>\n<li>Verifica\u00e7\u00e3o do desgaste dos componentes<\/li>\n<li>Afina\u00e7\u00e3o das manetes e man\u00edpulos<\/li>\n<li>Ajuste dos parafusos do pedaleiro<\/li>\n<li>Ajuste e verifica\u00e7\u00e3o dos pedais<\/li>\n<li>Ajuste dos raios das rodas e desempeno<\/li>\n<li>Lubrifica\u00e7\u00e3o e ajuste da dire\u00e7\u00e3o<\/li>\n<li>Ajuste do n\u00edvel do selim<\/li>\n<li>Ajuste dos parafusos do avan\u00e7o<\/li>\n<li>Afina\u00e7\u00e3o do guiador<\/li>\n<li>Ajuste dos rolamentos das rodas<\/li>\n<li>Afina\u00e7\u00e3o dos trav\u00f5es<\/li>\n<li>Instala\u00e7\u00e3o de cabos e espirais<\/li>\n<li>Afina\u00e7\u00e3o das mudan\u00e7as frente\/tr\u00e1s<\/li>\n<li>Remo\u00e7\u00e3o, lubrifica\u00e7\u00e3o e ajuste do movimento pedaleiro<\/li>\n<li>Lubrifica\u00e7\u00e3o da transmiss\u00e3o<\/li>\n<li>Verifica\u00e7\u00e3o Final<\/li>\n<\/ul>\n<\/div><\/div>[\/vc_column][vc_column][vc_message]Recolhemos e entregamos a bicicleta onde nos indicar. (Servi\u00e7o dispon\u00edvel num raio aproximado de 30 km\u00b4s da loja). Contacte-nos &#8211; 234 092 712[\/vc_message][\/vc_column][\/vc_row]\n<\/div>","protected":false},"excerpt":{"rendered":"<p>[vc_row full_width=&#8221;stretch_row&#8221; content_placement=&#8221;middle&#8221;][vc_column width=&#8221;3\/4&#8243;][vc_column_text]Somos uma oficina certificada Shimano Service Center totalmente equipada para garantir e fornecer a confian\u00e7a de que a sua bicicleta estar\u00e1 sempre nas melhores m\u00e3os e nas melhores condi\u00e7\u00f5es. Se utilizas a tua bicicleta para a competi\u00e7\u00e3o, desloca\u00e7\u00f5es em cidade ou apenas por prazer, um servi\u00e7o de manuten\u00e7\u00e3o de confian\u00e7a \u00e9 a&hellip;<\/p>\n","protected":false},"author":2,"featured_media":0,"parent":0,"menu_order":0,"comment_status":"closed","ping_status":"closed","template":"","meta":{"footnotes":""},"class_list":["post-892","page","type-page","status-publish","hentry","entry","no-media"],"_links":{"self":[{"href":"https:\/\/ridextravel.com\/ridemybike\/wp-json\/wp\/v2\/pages\/892","targetHints":{"allow":["GET"]}}],"collection":[{"href":"https:\/\/ridextravel.com\/ridemybike\/wp-json\/wp\/v2\/pages"}],"about":[{"href":"https:\/\/ridextravel.com\/ridemybike\/wp-json\/wp\/v2\/types\/page"}],"author":[{"embeddable":true,"href":"https:\/\/ridextravel.com\/ridemybike\/wp-json\/wp\/v2\/users\/2"}],"replies":[{"embeddable":true,"href":"https:\/\/ridextravel.com\/ridemybike\/wp-json\/wp\/v2\/comments?post=892"}],"version-history":[{"count":157,"href":"https:\/\/ridextravel.com\/ridemybike\/wp-json\/wp\/v2\/pages\/892\/revisions"}],"predecessor-version":[{"id":4704,"href":"https:\/\/ridextravel.com\/ridemybike\/wp-json\/wp\/v2\/pages\/892\/revisions\/4704"}],"wp:attachment":[{"href":"https:\/\/ridextravel.com\/ridemybike\/wp-json\/wp\/v2\/media?parent=892"}],"curies":[{"name":"wp","href":"https:\/\/api.w.org\/{rel}","templated":true}]}}