{"id":1003,"date":"2022-05-11T11:04:33","date_gmt":"2022-05-11T11:04:33","guid":{"rendered":"https:\/\/ridextravel.com\/ridemybike\/?post_type=product&#038;p=1003"},"modified":"2025-12-09T16:23:50","modified_gmt":"2025-12-09T16:23:50","slug":"luvas-termicas-unissex-neoshell","status":"publish","type":"product","link":"https:\/\/ridextravel.com\/ridemybike\/produto\/luvas-termicas-unissex-neoshell\/","title":{"rendered":"Luvas T\u00e9rmicas Unissex Neoshell"},"content":{"rendered":"<p class=\"font-light text\">As novas luvas t\u00e9rmicas Neoshell foram projetadas para adicionar um pouco de calor nos dias frios. A parte superior Polartec Neoshell mant\u00e9m suas m\u00e3os protegidas do vento e do clima frio, ao mesmo tempo em que mant\u00e9m o volume geral das luvas no m\u00ednimo. Combine isso com uma palma hidrof\u00f3bica AX Suede e voc\u00ea ter\u00e1 toda a destreza e conforto de que precisa.<\/p>\n<p>O cabedal Polartec Neoshell resistente ao vento evita o vento e o clima frio.<br \/>\nA palma hidrof\u00f3bica Axe Suede garante uma ader\u00eancia confiante com as barras.<br \/>\nCompat\u00edvel com tela sens\u00edvel ao toque Wiretap\u2122 para facilitar o uso de smartphones.<br \/>\nO punho de velcro permite micro-ajustes no ajuste, para que voc\u00ea possa usar esta luva por baixo ou por cima do punho da jaqueta.<br \/>\nDetalhes refletivos aumentam sua visibilidade em condi\u00e7\u00f5es de pouca luz.<\/p>\n","protected":false},"excerpt":{"rendered":"<p>As novas luvas t\u00e9rmicas Neoshell foram projetadas para adicionar um pouco de calor nos dias frios. A parte superior Polartec Neoshell mant\u00e9m suas m\u00e3os protegidas do vento e do clima frio, ao mesmo tempo em que mant\u00e9m o volume geral das luvas no m\u00ednimo. Combine isso com uma palma hidrof\u00f3bica AX Suede e voc\u00ea ter\u00e1&hellip;<\/p>\n","protected":false},"featured_media":1019,"comment_status":"open","ping_status":"closed","template":"","meta":[],"product_brand":[],"product_cat":[31,28],"product_tag":[],"class_list":{"0":"post-1003","1":"product","2":"type-product","3":"status-publish","4":"has-post-thumbnail","6":"product_cat-equipamento","7":"product_cat-luvas","8":"entry","9":"has-media","11":"first","12":"instock","13":"taxable","14":"shipping-taxable","15":"purchasable","16":"product-type-simple"},"_links":{"self":[{"href":"https:\/\/ridextravel.com\/ridemybike\/wp-json\/wp\/v2\/product\/1003","targetHints":{"allow":["GET"]}}],"collection":[{"href":"https:\/\/ridextravel.com\/ridemybike\/wp-json\/wp\/v2\/product"}],"about":[{"href":"https:\/\/ridextravel.com\/ridemybike\/wp-json\/wp\/v2\/types\/product"}],"replies":[{"embeddable":true,"href":"https:\/\/ridextravel.com\/ridemybike\/wp-json\/wp\/v2\/comments?post=1003"}],"wp:featuredmedia":[{"embeddable":true,"href":"https:\/\/ridextravel.com\/ridemybike\/wp-json\/wp\/v2\/media\/1019"}],"wp:attachment":[{"href":"https:\/\/ridextravel.com\/ridemybike\/wp-json\/wp\/v2\/media?parent=1003"}],"wp:term":[{"taxonomy":"product_brand","embeddable":true,"href":"https:\/\/ridextravel.com\/ridemybike\/wp-json\/wp\/v2\/product_brand?post=1003"},{"taxonomy":"product_cat","embeddable":true,"href":"https:\/\/ridextravel.com\/ridemybike\/wp-json\/wp\/v2\/product_cat?post=1003"},{"taxonomy":"product_tag","embeddable":true,"href":"https:\/\/ridextravel.com\/ridemybike\/wp-json\/wp\/v2\/product_tag?post=1003"}],"curies":[{"name":"wp","href":"https:\/\/api.w.org\/{rel}","templated":true}]}}