{"id":1008,"date":"2022-05-11T16:03:51","date_gmt":"2022-05-11T16:03:51","guid":{"rendered":"https:\/\/ridextravel.com\/ridemybike\/?post_type=product&#038;p=1008"},"modified":"2022-05-12T10:47:39","modified_gmt":"2022-05-12T10:47:39","slug":"luva-perfetto-leve","status":"publish","type":"product","link":"https:\/\/ridextravel.com\/ridemybike\/produto\/luva-perfetto-leve\/","title":{"rendered":"Luva perfetto leve"},"content":{"rendered":"<p>TEMPO FRIO OU CONDI\u00c7\u00d5ES DE MUDAN\u00c7A<br \/>\nA ideia por tr\u00e1s desta luva \u00e9 a prote\u00e7\u00e3o total contra o vento e a \u00e1gua GORE-TEX INFINIUM\u2122 WINDSTOPPER\u00ae na embalagem mais fina poss\u00edvel. \u00c9 \u00f3timo para aqueles dias frios em que voc\u00ea precisa manter o vento, mas n\u00e3o precisa de isolamento, ou aqueles dias com condi\u00e7\u00f5es vari\u00e1veis, como partida a frio ou longas descidas alpinas. A costura m\u00ednima mant\u00e9m a luva confort\u00e1vel na m\u00e3o, enquanto as zonas de ader\u00eancia de silicone garantem que voc\u00ea esteja no controle o tempo todo.<\/p>\n<p>O QUE \u00c9 A<br \/>\nconstru\u00e7\u00e3o futurista de costura \u00fanica termoformada resulta em uma luva muito leve, embal\u00e1vel, \u00e0 prova de vento, ajuste fino e extremamente confort\u00e1vel.<\/p>\n","protected":false},"excerpt":{"rendered":"<p>TEMPO FRIO OU CONDI\u00c7\u00d5ES DE MUDAN\u00c7A A ideia por tr\u00e1s desta luva \u00e9 a prote\u00e7\u00e3o total contra o vento e a \u00e1gua GORE-TEX INFINIUM\u2122 WINDSTOPPER\u00ae na embalagem mais fina poss\u00edvel. \u00c9 \u00f3timo para aqueles dias frios em que voc\u00ea precisa manter o vento, mas n\u00e3o precisa de isolamento, ou aqueles dias com condi\u00e7\u00f5es vari\u00e1veis, como&hellip;<\/p>\n","protected":false},"featured_media":1017,"comment_status":"open","ping_status":"closed","template":"","meta":[],"product_brand":[],"product_cat":[31,28],"product_tag":[],"class_list":{"0":"post-1008","1":"product","2":"type-product","3":"status-publish","4":"has-post-thumbnail","6":"product_cat-equipamento","7":"product_cat-luvas","8":"entry","9":"has-media","11":"first","12":"instock","13":"taxable","14":"shipping-taxable","15":"purchasable","16":"product-type-simple"},"_links":{"self":[{"href":"https:\/\/ridextravel.com\/ridemybike\/wp-json\/wp\/v2\/product\/1008","targetHints":{"allow":["GET"]}}],"collection":[{"href":"https:\/\/ridextravel.com\/ridemybike\/wp-json\/wp\/v2\/product"}],"about":[{"href":"https:\/\/ridextravel.com\/ridemybike\/wp-json\/wp\/v2\/types\/product"}],"replies":[{"embeddable":true,"href":"https:\/\/ridextravel.com\/ridemybike\/wp-json\/wp\/v2\/comments?post=1008"}],"wp:featuredmedia":[{"embeddable":true,"href":"https:\/\/ridextravel.com\/ridemybike\/wp-json\/wp\/v2\/media\/1017"}],"wp:attachment":[{"href":"https:\/\/ridextravel.com\/ridemybike\/wp-json\/wp\/v2\/media?parent=1008"}],"wp:term":[{"taxonomy":"product_brand","embeddable":true,"href":"https:\/\/ridextravel.com\/ridemybike\/wp-json\/wp\/v2\/product_brand?post=1008"},{"taxonomy":"product_cat","embeddable":true,"href":"https:\/\/ridextravel.com\/ridemybike\/wp-json\/wp\/v2\/product_cat?post=1008"},{"taxonomy":"product_tag","embeddable":true,"href":"https:\/\/ridextravel.com\/ridemybike\/wp-json\/wp\/v2\/product_tag?post=1008"}],"curies":[{"name":"wp","href":"https:\/\/api.w.org\/{rel}","templated":true}]}}