{"id":1022,"date":"2022-05-12T10:45:46","date_gmt":"2022-05-12T10:45:46","guid":{"rendered":"https:\/\/ridextravel.com\/ridemybike\/?post_type=product&#038;p=1022"},"modified":"2022-05-12T10:46:05","modified_gmt":"2022-05-12T10:46:05","slug":"luva-castelli-competizione-cinza-escuro","status":"publish","type":"product","link":"https:\/\/ridextravel.com\/ridemybike\/produto\/luva-castelli-competizione-cinza-escuro\/","title":{"rendered":"Luva Castelli Competizione Cinza Escuro"},"content":{"rendered":"<p>\u00c0s vezes, voc\u00ea s\u00f3 quer uma luva que cubra o b\u00e1sico: um pouco de acolchoamento, mas n\u00e3o muito, um pouco de prote\u00e7\u00e3o em caso de queda, uma luva que voc\u00ea esquecer\u00e1 enquanto estiver na bicicleta e uma luva que fique bem com o resto do seu kit.<\/p>\n<p>CARACTER\u00cdSTICAS DO PRODUTO<\/p>\n<p>Tecido de malha el\u00e1stica para manter as m\u00e3os frescas e confort\u00e1veis \u200b\u200bdurante a corrida<br \/>\nPreenchimento moderadamente leve com coloca\u00e7\u00e3o essencial<br \/>\nPega de silicone na palma da m\u00e3o<br \/>\nCastelli Damping System (CDS) protege o nervo mediano<br \/>\nF\u00e1cil de colocar e tirar com punho de alta elasticidade<br \/>\n15 \u00b0 &#8211; 32 \u00b0 C \/ 59 \u00b0 &#8211; 90 \u00b0 F<\/p>\n","protected":false},"excerpt":{"rendered":"<p>\u00c0s vezes, voc\u00ea s\u00f3 quer uma luva que cubra o b\u00e1sico: um pouco de acolchoamento, mas n\u00e3o muito, um pouco de prote\u00e7\u00e3o em caso de queda, uma luva que voc\u00ea esquecer\u00e1 enquanto estiver na bicicleta e uma luva que fique bem com o resto do seu kit. CARACTER\u00cdSTICAS DO PRODUTO Tecido de malha el\u00e1stica para&hellip;<\/p>\n","protected":false},"featured_media":1023,"comment_status":"open","ping_status":"closed","template":"","meta":[],"product_brand":[],"product_cat":[31,28],"product_tag":[],"class_list":{"0":"post-1022","1":"product","2":"type-product","3":"status-publish","4":"has-post-thumbnail","6":"product_cat-equipamento","7":"product_cat-luvas","8":"entry","9":"has-media","11":"first","12":"instock","13":"taxable","14":"shipping-taxable","15":"purchasable","16":"product-type-simple"},"_links":{"self":[{"href":"https:\/\/ridextravel.com\/ridemybike\/wp-json\/wp\/v2\/product\/1022","targetHints":{"allow":["GET"]}}],"collection":[{"href":"https:\/\/ridextravel.com\/ridemybike\/wp-json\/wp\/v2\/product"}],"about":[{"href":"https:\/\/ridextravel.com\/ridemybike\/wp-json\/wp\/v2\/types\/product"}],"replies":[{"embeddable":true,"href":"https:\/\/ridextravel.com\/ridemybike\/wp-json\/wp\/v2\/comments?post=1022"}],"wp:featuredmedia":[{"embeddable":true,"href":"https:\/\/ridextravel.com\/ridemybike\/wp-json\/wp\/v2\/media\/1023"}],"wp:attachment":[{"href":"https:\/\/ridextravel.com\/ridemybike\/wp-json\/wp\/v2\/media?parent=1022"}],"wp:term":[{"taxonomy":"product_brand","embeddable":true,"href":"https:\/\/ridextravel.com\/ridemybike\/wp-json\/wp\/v2\/product_brand?post=1022"},{"taxonomy":"product_cat","embeddable":true,"href":"https:\/\/ridextravel.com\/ridemybike\/wp-json\/wp\/v2\/product_cat?post=1022"},{"taxonomy":"product_tag","embeddable":true,"href":"https:\/\/ridextravel.com\/ridemybike\/wp-json\/wp\/v2\/product_tag?post=1022"}],"curies":[{"name":"wp","href":"https:\/\/api.w.org\/{rel}","templated":true}]}}