{"id":1043,"date":"2022-05-12T16:33:52","date_gmt":"2022-05-12T16:33:52","guid":{"rendered":"https:\/\/ridextravel.com\/ridemybike\/?post_type=product&#038;p=1043"},"modified":"2022-05-12T16:34:05","modified_gmt":"2022-05-12T16:34:05","slug":"luvas-unisex-hawk-drakness","status":"publish","type":"product","link":"https:\/\/ridextravel.com\/ridemybike\/produto\/luvas-unisex-hawk-drakness\/","title":{"rendered":"Luvas unisex hawk drakness"},"content":{"rendered":"<p>El\u00e1stico, m\u00e1ximo embelezamento e excelente absor\u00e7\u00e3o de impacto para oferecer o melhor aprimoramento. As palmas das m\u00e3os em camur\u00e7a sint\u00e9tica micropiercadas incluem amortecimento para aliviar a press\u00e3o sobre os nervos sens\u00edveis. Estas luvas incorporam uma pe\u00e7a extra no pulso para um melhor fecho. Extratores de pulso e dedo para facilitar a coloca\u00e7\u00e3o e a descolagem.<\/p>\n<p>As palmas das m\u00e3os, feitas de tecido perfurado sint\u00e9tico, incorporam acolchoamento para aliviar a press\u00e3o sobre os nervos sens\u00edveis. Eles t\u00eam um pr\u00f3logo com z\u00edper extra no pulso. Al\u00e7as no pulso e nos dedos para poder retir\u00e1-los com mais conforto.<\/p>\n<p>Luva compat\u00edvel com ciclismo de estrada e mtb.<\/p>\n","protected":false},"excerpt":{"rendered":"<p>El\u00e1stico, m\u00e1ximo embelezamento e excelente absor\u00e7\u00e3o de impacto para oferecer o melhor aprimoramento. As palmas das m\u00e3os em camur\u00e7a sint\u00e9tica micropiercadas incluem amortecimento para aliviar a press\u00e3o sobre os nervos sens\u00edveis. Estas luvas incorporam uma pe\u00e7a extra no pulso para um melhor fecho. Extratores de pulso e dedo para facilitar a coloca\u00e7\u00e3o e a descolagem.&hellip;<\/p>\n","protected":false},"featured_media":1045,"comment_status":"open","ping_status":"closed","template":"","meta":[],"product_brand":[],"product_cat":[31,28],"product_tag":[],"class_list":{"0":"post-1043","1":"product","2":"type-product","3":"status-publish","4":"has-post-thumbnail","6":"product_cat-equipamento","7":"product_cat-luvas","8":"entry","9":"has-media","11":"first","12":"instock","13":"taxable","14":"shipping-taxable","15":"purchasable","16":"product-type-simple"},"_links":{"self":[{"href":"https:\/\/ridextravel.com\/ridemybike\/wp-json\/wp\/v2\/product\/1043","targetHints":{"allow":["GET"]}}],"collection":[{"href":"https:\/\/ridextravel.com\/ridemybike\/wp-json\/wp\/v2\/product"}],"about":[{"href":"https:\/\/ridextravel.com\/ridemybike\/wp-json\/wp\/v2\/types\/product"}],"replies":[{"embeddable":true,"href":"https:\/\/ridextravel.com\/ridemybike\/wp-json\/wp\/v2\/comments?post=1043"}],"wp:featuredmedia":[{"embeddable":true,"href":"https:\/\/ridextravel.com\/ridemybike\/wp-json\/wp\/v2\/media\/1045"}],"wp:attachment":[{"href":"https:\/\/ridextravel.com\/ridemybike\/wp-json\/wp\/v2\/media?parent=1043"}],"wp:term":[{"taxonomy":"product_brand","embeddable":true,"href":"https:\/\/ridextravel.com\/ridemybike\/wp-json\/wp\/v2\/product_brand?post=1043"},{"taxonomy":"product_cat","embeddable":true,"href":"https:\/\/ridextravel.com\/ridemybike\/wp-json\/wp\/v2\/product_cat?post=1043"},{"taxonomy":"product_tag","embeddable":true,"href":"https:\/\/ridextravel.com\/ridemybike\/wp-json\/wp\/v2\/product_tag?post=1043"}],"curies":[{"name":"wp","href":"https:\/\/api.w.org\/{rel}","templated":true}]}}