{"id":1054,"date":"2022-05-13T11:55:42","date_gmt":"2022-05-13T11:55:42","guid":{"rendered":"https:\/\/ridextravel.com\/ridemybike\/?post_type=product&#038;p=1054"},"modified":"2022-05-13T11:55:42","modified_gmt":"2022-05-13T11:55:42","slug":"oakley-all-mountain-mtb-gloves-black-bayberry","status":"publish","type":"product","link":"https:\/\/ridextravel.com\/ridemybike\/produto\/oakley-all-mountain-mtb-gloves-black-bayberry\/","title":{"rendered":"Oakley all mountain MTB gloves &#8211; black \/ bayberry"},"content":{"rendered":"<p><span class=\"Y2IQFc\" lang=\"pt\">A luva All Mountain MTB com funcionalidade de tela sens\u00edvel ao toque oferece funcionalidade moderna e leve em um design confort\u00e1vel &#8211; seja para esportes de elite ou treinamento recreativo na trilha. A borda de lycra com fecho de velcro garante um ajuste seguro e confort\u00e1vel e o polegar, indicador e dedo m\u00e9dio revestidos de silicone proporcionam tato e mobilidade ideais. O material el\u00e1stico e a ventila\u00e7\u00e3o cortada a laser na palma garantem o m\u00e1ximo conforto e \u00f3tima refrigera\u00e7\u00e3o. Completo com o logotipo Factory Pilot nas costas da m\u00e3o e o lend\u00e1rio logotipo B1B.<\/span><\/p>\n<p>Caracter\u00edsticas das luvas de MTB Oakley All Mountain<br \/>\npolegar, indicador e dedo m\u00e9dio revestidos de silicone para tato ideal<br \/>\nLog\u00f3tipo do piloto de f\u00e1brica no dorso da m\u00e3o<br \/>\nLogo B1B no dedo indicador e palma da m\u00e3o<br \/>\nmaterial el\u00e1stico nas costas da m\u00e3o para uma liberdade de movimento ideal<br \/>\nliga e desliga f\u00e1cil<br \/>\norif\u00edcios de ventila\u00e7\u00e3o cortados a laser na palma da m\u00e3o para resfriamento extra em clima quente<\/p>\n","protected":false},"excerpt":{"rendered":"<p>A luva All Mountain MTB com funcionalidade de tela sens\u00edvel ao toque oferece funcionalidade moderna e leve em um design confort\u00e1vel &#8211; seja para esportes de elite ou treinamento recreativo na trilha. A borda de lycra com fecho de velcro garante um ajuste seguro e confort\u00e1vel e o polegar, indicador e dedo m\u00e9dio revestidos de&hellip;<\/p>\n","protected":false},"featured_media":1055,"comment_status":"open","ping_status":"closed","template":"","meta":[],"product_brand":[],"product_cat":[31,28],"product_tag":[],"class_list":{"0":"post-1054","1":"product","2":"type-product","3":"status-publish","4":"has-post-thumbnail","6":"product_cat-equipamento","7":"product_cat-luvas","8":"entry","9":"has-media","11":"first","12":"instock","13":"taxable","14":"shipping-taxable","15":"purchasable","16":"product-type-simple"},"_links":{"self":[{"href":"https:\/\/ridextravel.com\/ridemybike\/wp-json\/wp\/v2\/product\/1054","targetHints":{"allow":["GET"]}}],"collection":[{"href":"https:\/\/ridextravel.com\/ridemybike\/wp-json\/wp\/v2\/product"}],"about":[{"href":"https:\/\/ridextravel.com\/ridemybike\/wp-json\/wp\/v2\/types\/product"}],"replies":[{"embeddable":true,"href":"https:\/\/ridextravel.com\/ridemybike\/wp-json\/wp\/v2\/comments?post=1054"}],"wp:featuredmedia":[{"embeddable":true,"href":"https:\/\/ridextravel.com\/ridemybike\/wp-json\/wp\/v2\/media\/1055"}],"wp:attachment":[{"href":"https:\/\/ridextravel.com\/ridemybike\/wp-json\/wp\/v2\/media?parent=1054"}],"wp:term":[{"taxonomy":"product_brand","embeddable":true,"href":"https:\/\/ridextravel.com\/ridemybike\/wp-json\/wp\/v2\/product_brand?post=1054"},{"taxonomy":"product_cat","embeddable":true,"href":"https:\/\/ridextravel.com\/ridemybike\/wp-json\/wp\/v2\/product_cat?post=1054"},{"taxonomy":"product_tag","embeddable":true,"href":"https:\/\/ridextravel.com\/ridemybike\/wp-json\/wp\/v2\/product_tag?post=1054"}],"curies":[{"name":"wp","href":"https:\/\/api.w.org\/{rel}","templated":true}]}}