{"id":1553,"date":"2022-05-31T16:59:36","date_gmt":"2022-05-31T16:59:36","guid":{"rendered":"https:\/\/ridextravel.com\/ridemybike\/?post_type=product&#038;p=1553"},"modified":"2023-03-06T12:34:38","modified_gmt":"2023-03-06T12:34:38","slug":"chamonix-com-mips","status":"publish","type":"product","link":"https:\/\/ridextravel.com\/ridemybike\/produto\/chamonix-com-mips\/","title":{"rendered":"Chamonix com MIPS"},"content":{"rendered":"<div>\n<p>Caracter\u00edsticas de topo, prote\u00e7\u00e3o certificada e estilo moderno tornam o Chamonix uma excelente escolha para qualquer ciclista.<\/p>\n<p>O nosso novo Sensor de Queda ANGI d\u00e1-te, a ti e aos teus, paz de esp\u00edrito como nunca antes\u2014quando combinado com a nossa aplica\u00e7\u00e3o iOS ou Android, o sensor deteta uma queda e envia um SMS para um contacto espec\u00edfico no teu telem\u00f3vel. Tamb\u00e9m sincroniza com a nossa aplica\u00e7\u00e3o e STRAVA\u00ae para providenciar rastreamento de atividades com base em GPS.<\/p>\n<\/div>\n<ul>\n<li>Tamanho \u00fanico, ajust\u00e1vel, muito confort\u00e1vel e f\u00e1cil de ajustar \u00e0 cabe\u00e7a.<\/li>\n<li>Sistema de ajuste Headset SX com aperto rotativo com micro ajuste para uma regula\u00e7\u00e3o f\u00e1cil, segura e precisa.<\/li>\n<li>Sistema de Ventila\u00e7\u00e3o 4th Dimension (4 Dimens\u00f5es) que otimiza o arrefecimento.<\/li>\n<li>Revestimento In-mold que aumenta a resist\u00eancia e baixa o peso.<\/li>\n<li>Fitas de fixa\u00e7\u00e3o interiores Tri-Fix reduzem o peso e aumentam a seguran\u00e7a.<\/li>\n<li>Fitas de fixa\u00e7\u00e3o refletoras e decalques refletores para uma seguran\u00e7a acrescida \u00e0 noite.<\/li>\n<li>Pala clip-on patenteada inclu\u00edda.<\/li>\n<li>Equipado com sistema MIPS.<\/li>\n<li>Compat\u00edvel com sensor de acidente ANGI (n\u00e3o inclu\u00eddo).<\/li>\n<\/ul>\n","protected":false},"excerpt":{"rendered":"<p>Caracter\u00edsticas de topo, prote\u00e7\u00e3o certificada e estilo moderno tornam o Chamonix uma excelente escolha para qualquer ciclista. O nosso novo Sensor de Queda ANGI d\u00e1-te, a ti e aos teus, paz de esp\u00edrito como nunca antes\u2014quando combinado com a nossa aplica\u00e7\u00e3o iOS ou Android, o sensor deteta uma queda e envia um SMS para um&hellip;<\/p>\n","protected":false},"featured_media":1554,"comment_status":"open","ping_status":"closed","template":"","meta":[],"product_brand":[],"product_cat":[26,31,306],"product_tag":[],"class_list":{"0":"post-1553","1":"product","2":"type-product","3":"status-publish","4":"has-post-thumbnail","6":"product_cat-capacetes","7":"product_cat-equipamento","8":"product_cat-specialized-capacetes","9":"entry","10":"has-media","12":"first","13":"instock","14":"taxable","15":"shipping-taxable","16":"purchasable","17":"product-type-simple"},"_links":{"self":[{"href":"https:\/\/ridextravel.com\/ridemybike\/wp-json\/wp\/v2\/product\/1553","targetHints":{"allow":["GET"]}}],"collection":[{"href":"https:\/\/ridextravel.com\/ridemybike\/wp-json\/wp\/v2\/product"}],"about":[{"href":"https:\/\/ridextravel.com\/ridemybike\/wp-json\/wp\/v2\/types\/product"}],"replies":[{"embeddable":true,"href":"https:\/\/ridextravel.com\/ridemybike\/wp-json\/wp\/v2\/comments?post=1553"}],"wp:featuredmedia":[{"embeddable":true,"href":"https:\/\/ridextravel.com\/ridemybike\/wp-json\/wp\/v2\/media\/1554"}],"wp:attachment":[{"href":"https:\/\/ridextravel.com\/ridemybike\/wp-json\/wp\/v2\/media?parent=1553"}],"wp:term":[{"taxonomy":"product_brand","embeddable":true,"href":"https:\/\/ridextravel.com\/ridemybike\/wp-json\/wp\/v2\/product_brand?post=1553"},{"taxonomy":"product_cat","embeddable":true,"href":"https:\/\/ridextravel.com\/ridemybike\/wp-json\/wp\/v2\/product_cat?post=1553"},{"taxonomy":"product_tag","embeddable":true,"href":"https:\/\/ridextravel.com\/ridemybike\/wp-json\/wp\/v2\/product_tag?post=1553"}],"curies":[{"name":"wp","href":"https:\/\/api.w.org\/{rel}","templated":true}]}}