{"id":1585,"date":"2022-06-01T11:39:59","date_gmt":"2022-06-01T11:39:59","guid":{"rendered":"https:\/\/ridextravel.com\/ridemybike\/?post_type=product&#038;p=1585"},"modified":"2023-03-06T12:34:14","modified_gmt":"2023-03-06T12:34:14","slug":"s-works-prevail-ii-vent","status":"publish","type":"product","link":"https:\/\/ridextravel.com\/ridemybike\/produto\/s-works-prevail-ii-vent\/","title":{"rendered":"S-Works Prevail II Vent"},"content":{"rendered":"","protected":false},"excerpt":{"rendered":"<p>Cabe\u00e7as frescas v\u00e3o sempre prevalecer, e \u00e9 por isso que o novo <strong>S-Works Prevail II Vent<\/strong> \u00e9 o capacete mais fresco que j\u00e1 fizemos. A sua massiva capacidade de arrefecimento ajuda a regular melhor a temperatura do teu corpo para mant\u00ea-lo mais fresco, para que estejas sempre pronto quando a tua volta aquece.<\/p>\n<p>Peg\u00e1mos em tudo o que o <strong>S-Works Prevail II<\/strong> fazia bem, e fizemos ainda melhor. Um dos maiores benef\u00edcios resultou da remo\u00e7\u00e3o de sete \u201cpontes\u201d de espuma do centro e das laterais para criar canais de ventila\u00e7\u00e3o mais eficazes. Um aumento de 20% nas \u00e1reas ventiladas permite que o ar flua com maior efici\u00eancia por todo o capacete. Quanto mais r\u00e1pido o ar se move pela tua cabe\u00e7a, mais r\u00e1pido o calor \u00e9 retirado da tua cabe\u00e7a e ficas mais fresco \u2013 isto \u00e9 chamado \u201ctransfer\u00eancia convectiva do calor\u201d. Tudo isto a somar ao capacete mais fresco que j\u00e1 fizemos.<\/p>\n","protected":false},"featured_media":3955,"comment_status":"open","ping_status":"closed","template":"","meta":[],"product_brand":[],"product_cat":[26,31,306],"product_tag":[],"class_list":{"0":"post-1585","1":"product","2":"type-product","3":"status-publish","4":"has-post-thumbnail","6":"product_cat-capacetes","7":"product_cat-equipamento","8":"product_cat-specialized-capacetes","9":"entry","10":"has-media","12":"first","13":"instock","14":"taxable","15":"shipping-taxable","16":"purchasable","17":"product-type-variable"},"_links":{"self":[{"href":"https:\/\/ridextravel.com\/ridemybike\/wp-json\/wp\/v2\/product\/1585","targetHints":{"allow":["GET"]}}],"collection":[{"href":"https:\/\/ridextravel.com\/ridemybike\/wp-json\/wp\/v2\/product"}],"about":[{"href":"https:\/\/ridextravel.com\/ridemybike\/wp-json\/wp\/v2\/types\/product"}],"replies":[{"embeddable":true,"href":"https:\/\/ridextravel.com\/ridemybike\/wp-json\/wp\/v2\/comments?post=1585"}],"wp:featuredmedia":[{"embeddable":true,"href":"https:\/\/ridextravel.com\/ridemybike\/wp-json\/wp\/v2\/media\/3955"}],"wp:attachment":[{"href":"https:\/\/ridextravel.com\/ridemybike\/wp-json\/wp\/v2\/media?parent=1585"}],"wp:term":[{"taxonomy":"product_brand","embeddable":true,"href":"https:\/\/ridextravel.com\/ridemybike\/wp-json\/wp\/v2\/product_brand?post=1585"},{"taxonomy":"product_cat","embeddable":true,"href":"https:\/\/ridextravel.com\/ridemybike\/wp-json\/wp\/v2\/product_cat?post=1585"},{"taxonomy":"product_tag","embeddable":true,"href":"https:\/\/ridextravel.com\/ridemybike\/wp-json\/wp\/v2\/product_tag?post=1585"}],"curies":[{"name":"wp","href":"https:\/\/api.w.org\/{rel}","templated":true}]}}