{"id":1590,"date":"2022-06-01T13:57:27","date_gmt":"2022-06-01T13:57:27","guid":{"rendered":"https:\/\/ridextravel.com\/ridemybike\/?post_type=product&#038;p=1590"},"modified":"2022-06-01T13:57:28","modified_gmt":"2022-06-01T13:57:28","slug":"castelli-free-aero-race-4-team-bib-shorts","status":"publish","type":"product","link":"https:\/\/ridextravel.com\/ridemybike\/produto\/castelli-free-aero-race-4-team-bib-shorts\/","title":{"rendered":"Castelli Free Aero Race 4 Team Bib Shorts"},"content":{"rendered":"<p>Free Aero Race 4 Team \u00e9 um shorts de ciclismo. Este modelo criado por Castelli que inclui melhorias importantes, como o la\u00e7o no babador que permite segurar o microfone durante a corrida.<\/p>\n<p>Para melhorar o conforto, os cal\u00e7\u00f5es para ciclismo de estrada incorporam uma almofada de entrepernas sem costuras que evita o atrito e o desconforto. Nas pernas, a vers\u00e3o possui tecido Forza que se ajusta bem \u00e0s coxas, permitindo liberdade de movimentos. Al\u00e9m disso, inclui uma membrana aerodin\u00e2mica que favorece a passagem do ar, sem oferecer resist\u00eancia. As termina\u00e7\u00f5es na perna s\u00e3o feitas de silicone para melhorar o conforto.<\/p>\n<p>Receber feedback da Team Sky este ano significou viagens para a B\u00e9lgica, Nice, Manchester e toda a It\u00e1lia, bem como chamadas pelo Skype com base em hor\u00e1rios de corridas e treinamentos. O feedback recorrente dos pilotos \u00e9 que o Free Bibshort (o mesmo que voc\u00ea poderia comprar em 2018) \u00e9 muito, muito bom. As \u00fanicas mudan\u00e7as solicitadas foram um la\u00e7o no babador para segurar o microfone do r\u00e1dio de corrida e um piloto que queria que seu assento fosse um pouco para tr\u00e1s.<\/p>\n<p>E n\u00e3o \u00e9 s\u00f3 a Team Sky que gosta. O 2018 Free Aero Race Bibshort \u00e9 o short Castelli mais vendido de todos os tempos. Ent\u00e3o, para 2019, fizemos algumas mudan\u00e7as dram\u00e1ticas. N\u00e3o porque o Team Sky ou voc\u00ea estava pedindo por isso, mas porque temos andado muito e pensando constantemente em como poder\u00edamos torn\u00e1-lo melhor.<\/p>\n","protected":false},"excerpt":{"rendered":"<p>Free Aero Race 4 Team \u00e9 um shorts de ciclismo. Este modelo criado por Castelli que inclui melhorias importantes, como o la\u00e7o no babador que permite segurar o microfone durante a corrida. Para melhorar o conforto, os cal\u00e7\u00f5es para ciclismo de estrada incorporam uma almofada de entrepernas sem costuras que evita o atrito e o&hellip;<\/p>\n","protected":false},"featured_media":1591,"comment_status":"open","ping_status":"closed","template":"","meta":[],"product_brand":[],"product_cat":[31],"product_tag":[],"class_list":{"0":"post-1590","1":"product","2":"type-product","3":"status-publish","4":"has-post-thumbnail","6":"product_cat-equipamento","7":"entry","8":"has-media","10":"first","11":"instock","12":"taxable","13":"shipping-taxable","14":"purchasable","15":"product-type-simple"},"_links":{"self":[{"href":"https:\/\/ridextravel.com\/ridemybike\/wp-json\/wp\/v2\/product\/1590","targetHints":{"allow":["GET"]}}],"collection":[{"href":"https:\/\/ridextravel.com\/ridemybike\/wp-json\/wp\/v2\/product"}],"about":[{"href":"https:\/\/ridextravel.com\/ridemybike\/wp-json\/wp\/v2\/types\/product"}],"replies":[{"embeddable":true,"href":"https:\/\/ridextravel.com\/ridemybike\/wp-json\/wp\/v2\/comments?post=1590"}],"wp:featuredmedia":[{"embeddable":true,"href":"https:\/\/ridextravel.com\/ridemybike\/wp-json\/wp\/v2\/media\/1591"}],"wp:attachment":[{"href":"https:\/\/ridextravel.com\/ridemybike\/wp-json\/wp\/v2\/media?parent=1590"}],"wp:term":[{"taxonomy":"product_brand","embeddable":true,"href":"https:\/\/ridextravel.com\/ridemybike\/wp-json\/wp\/v2\/product_brand?post=1590"},{"taxonomy":"product_cat","embeddable":true,"href":"https:\/\/ridextravel.com\/ridemybike\/wp-json\/wp\/v2\/product_cat?post=1590"},{"taxonomy":"product_tag","embeddable":true,"href":"https:\/\/ridextravel.com\/ridemybike\/wp-json\/wp\/v2\/product_tag?post=1590"}],"curies":[{"name":"wp","href":"https:\/\/api.w.org\/{rel}","templated":true}]}}