{"id":1642,"date":"2022-06-02T11:29:22","date_gmt":"2022-06-02T11:29:22","guid":{"rendered":"https:\/\/ridextravel.com\/ridemybike\/?post_type=product&#038;p=1642"},"modified":"2023-03-28T12:39:49","modified_gmt":"2023-03-28T12:39:49","slug":"calcado-de-estrada-shimano-rc1","status":"publish","type":"product","link":"https:\/\/ridextravel.com\/ridemybike\/produto\/calcado-de-estrada-shimano-rc1\/","title":{"rendered":"Cal\u00e7ado de Estrada Shimano RC1"},"content":{"rendered":"<p><span style=\"font-family: verdana, geneva;\">Os sapatos Shimano RC1 foram feitos para oferecer um bom desempenho nas viagens na estrada. A estrutura envolvente do peito do p\u00e9, feita de couro sint\u00e9tico com textura de malha, reduz a sobreposi\u00e7\u00e3o e proporciona um ajuste perfeito. A sola de nylon refor\u00e7ado com fibra de vidro \u00e9 muito leve para melhorar a transfer\u00eancia de pot\u00eancia a cada pedalada. O sistema de fecho consiste em 3 tiras de velcro que distribuem a press\u00e3o por toda a parte superior do p\u00e9. Estes sapatos incluem a forma Shimano Dynalast, com um design superior e uma sec\u00e7\u00e3o no dedo do p\u00e9 otimizada que promove uma subida mais suave e energeticamente mais eficiente.<\/span><\/p>\n","protected":false},"excerpt":{"rendered":"<p>Os sapatos Shimano RC1 foram feitos para oferecer um bom desempenho nas viagens na estrada. A estrutura envolvente do peito do p\u00e9, feita de couro sint\u00e9tico com textura de malha, reduz a sobreposi\u00e7\u00e3o e proporciona um ajuste perfeito. A sola de nylon refor\u00e7ado com fibra de vidro \u00e9 muito leve para melhorar a transfer\u00eancia de&hellip;<\/p>\n","protected":false},"featured_media":1643,"comment_status":"open","ping_status":"closed","template":"","meta":[],"product_brand":[],"product_cat":[25,31,368],"product_tag":[],"class_list":{"0":"post-1642","1":"product","2":"type-product","3":"status-publish","4":"has-post-thumbnail","6":"product_cat-calcado","7":"product_cat-equipamento","8":"product_cat-shimano","9":"entry","10":"has-media","12":"first","13":"instock","14":"taxable","15":"shipping-taxable","16":"purchasable","17":"product-type-simple"},"_links":{"self":[{"href":"https:\/\/ridextravel.com\/ridemybike\/wp-json\/wp\/v2\/product\/1642","targetHints":{"allow":["GET"]}}],"collection":[{"href":"https:\/\/ridextravel.com\/ridemybike\/wp-json\/wp\/v2\/product"}],"about":[{"href":"https:\/\/ridextravel.com\/ridemybike\/wp-json\/wp\/v2\/types\/product"}],"replies":[{"embeddable":true,"href":"https:\/\/ridextravel.com\/ridemybike\/wp-json\/wp\/v2\/comments?post=1642"}],"wp:featuredmedia":[{"embeddable":true,"href":"https:\/\/ridextravel.com\/ridemybike\/wp-json\/wp\/v2\/media\/1643"}],"wp:attachment":[{"href":"https:\/\/ridextravel.com\/ridemybike\/wp-json\/wp\/v2\/media?parent=1642"}],"wp:term":[{"taxonomy":"product_brand","embeddable":true,"href":"https:\/\/ridextravel.com\/ridemybike\/wp-json\/wp\/v2\/product_brand?post=1642"},{"taxonomy":"product_cat","embeddable":true,"href":"https:\/\/ridextravel.com\/ridemybike\/wp-json\/wp\/v2\/product_cat?post=1642"},{"taxonomy":"product_tag","embeddable":true,"href":"https:\/\/ridextravel.com\/ridemybike\/wp-json\/wp\/v2\/product_tag?post=1642"}],"curies":[{"name":"wp","href":"https:\/\/api.w.org\/{rel}","templated":true}]}}