{"id":1674,"date":"2022-06-02T16:33:44","date_gmt":"2022-06-02T16:33:44","guid":{"rendered":"https:\/\/ridextravel.com\/ridemybike\/?post_type=product&#038;p=1674"},"modified":"2022-06-02T16:33:44","modified_gmt":"2022-06-02T16:33:44","slug":"castelli-upf-50-light-leg-sleeves-leg-warmers","status":"publish","type":"product","link":"https:\/\/ridextravel.com\/ridemybike\/produto\/castelli-upf-50-light-leg-sleeves-leg-warmers\/","title":{"rendered":"Castelli &#8211; UPF 50+ Light Leg Sleeves &#8211; Leg warmers"},"content":{"rendered":"<p>O sol danifica a pele e aquece desconfortavelmente o ciclista ao fazer grandes esfor\u00e7os na bicicleta. O vento frio pode criar o mesmo n\u00edvel de desconforto. Castelli resolveu o problema de manter um ciclista aquecido sem causar superaquecimento quando eles fizeram as peles de perna leve Castelli UPF 50+. Estas cal\u00e7as justas quebram o fluxo do vento frio, enquanto permitem que o ar circule para que o ciclista n\u00e3o superaque\u00e7a. Eles tamb\u00e9m bloqueiam 99,8% dos raios solares prejudiciais. Castelli usa um tecido \u00e0 base de poli\u00e9ster que faz um trabalho melhor do que o nylon de bloquear os raios solares e o vento, al\u00e9m de manter o ciclista seco. Esses recursos tornam esses Castelli Light Leg Skins bons para uso em climas frios e quentes. Castelli prestou aten\u00e7\u00e3o aos detalhes que tornam este vestu\u00e1rio muito confort\u00e1vel para os ciclistas. A constru\u00e7\u00e3o \u00e9 simples, de modo a eliminar as costuras que esfregam e irritam a pele. O el\u00e1stico de silicone de dupla face na parte superior prende sem beliscar a pele. Quando voc\u00ea s\u00f3 precisa trazer leggings para descidas em uma montanha, os Light Leg Skins podem ser dobrados e facilmente armazenados no bolso traseiro da camisa e os z\u00edperes nos tornozelos facilitam a facilidade de cal\u00e7ar as cal\u00e7as.<\/p>\n","protected":false},"excerpt":{"rendered":"<p>O sol danifica a pele e aquece desconfortavelmente o ciclista ao fazer grandes esfor\u00e7os na bicicleta. O vento frio pode criar o mesmo n\u00edvel de desconforto. Castelli resolveu o problema de manter um ciclista aquecido sem causar superaquecimento quando eles fizeram as peles de perna leve Castelli UPF 50+. Estas cal\u00e7as justas quebram o fluxo&hellip;<\/p>\n","protected":false},"featured_media":1675,"comment_status":"open","ping_status":"closed","template":"","meta":[],"product_brand":[],"product_cat":[31,63],"product_tag":[],"class_list":{"0":"post-1674","1":"product","2":"type-product","3":"status-publish","4":"has-post-thumbnail","6":"product_cat-equipamento","7":"product_cat-pernitos","8":"entry","9":"has-media","11":"first","12":"instock","13":"taxable","14":"shipping-taxable","15":"purchasable","16":"product-type-simple"},"_links":{"self":[{"href":"https:\/\/ridextravel.com\/ridemybike\/wp-json\/wp\/v2\/product\/1674","targetHints":{"allow":["GET"]}}],"collection":[{"href":"https:\/\/ridextravel.com\/ridemybike\/wp-json\/wp\/v2\/product"}],"about":[{"href":"https:\/\/ridextravel.com\/ridemybike\/wp-json\/wp\/v2\/types\/product"}],"replies":[{"embeddable":true,"href":"https:\/\/ridextravel.com\/ridemybike\/wp-json\/wp\/v2\/comments?post=1674"}],"wp:featuredmedia":[{"embeddable":true,"href":"https:\/\/ridextravel.com\/ridemybike\/wp-json\/wp\/v2\/media\/1675"}],"wp:attachment":[{"href":"https:\/\/ridextravel.com\/ridemybike\/wp-json\/wp\/v2\/media?parent=1674"}],"wp:term":[{"taxonomy":"product_brand","embeddable":true,"href":"https:\/\/ridextravel.com\/ridemybike\/wp-json\/wp\/v2\/product_brand?post=1674"},{"taxonomy":"product_cat","embeddable":true,"href":"https:\/\/ridextravel.com\/ridemybike\/wp-json\/wp\/v2\/product_cat?post=1674"},{"taxonomy":"product_tag","embeddable":true,"href":"https:\/\/ridextravel.com\/ridemybike\/wp-json\/wp\/v2\/product_tag?post=1674"}],"curies":[{"name":"wp","href":"https:\/\/api.w.org\/{rel}","templated":true}]}}