{"id":1677,"date":"2022-06-02T16:45:39","date_gmt":"2022-06-02T16:45:39","guid":{"rendered":"https:\/\/ridextravel.com\/ridemybike\/?post_type=product&#038;p=1677"},"modified":"2022-06-02T16:46:17","modified_gmt":"2022-06-02T16:46:17","slug":"nano-felx-3g-kneewarmer","status":"publish","type":"product","link":"https:\/\/ridextravel.com\/ridemybike\/produto\/nano-felx-3g-kneewarmer\/","title":{"rendered":"Nano felx 3G kneewarmer"},"content":{"rendered":"<p>Projetado exclusivamente por Castelli. Pegamos nosso tecido Thermoflex termoflex\u00edvel e o revestimos com milh\u00f5es de min\u00fasculos nanofilamentos para criar o acabamento de tecido mais repelente \u00e0 \u00e1gua de todos os tempos. Gotas de \u00e1gua ficam como bolas esf\u00e9ricas em cima do tecido ou ricocheteiam no tecido sem deixar vest\u00edgios.<\/p>\n<p>&nbsp;<\/p>\n","protected":false},"excerpt":{"rendered":"<p>Projetado exclusivamente por Castelli. Pegamos nosso tecido Thermoflex termoflex\u00edvel e o revestimos com milh\u00f5es de min\u00fasculos nanofilamentos para criar o acabamento de tecido mais repelente \u00e0 \u00e1gua de todos os tempos. Gotas de \u00e1gua ficam como bolas esf\u00e9ricas em cima do tecido ou ricocheteiam no tecido sem deixar vest\u00edgios. &nbsp;<\/p>\n","protected":false},"featured_media":1678,"comment_status":"open","ping_status":"closed","template":"","meta":[],"product_brand":[],"product_cat":[31,63],"product_tag":[],"class_list":{"0":"post-1677","1":"product","2":"type-product","3":"status-publish","4":"has-post-thumbnail","6":"product_cat-equipamento","7":"product_cat-pernitos","8":"entry","9":"has-media","11":"first","12":"instock","13":"taxable","14":"shipping-taxable","15":"purchasable","16":"product-type-simple"},"_links":{"self":[{"href":"https:\/\/ridextravel.com\/ridemybike\/wp-json\/wp\/v2\/product\/1677","targetHints":{"allow":["GET"]}}],"collection":[{"href":"https:\/\/ridextravel.com\/ridemybike\/wp-json\/wp\/v2\/product"}],"about":[{"href":"https:\/\/ridextravel.com\/ridemybike\/wp-json\/wp\/v2\/types\/product"}],"replies":[{"embeddable":true,"href":"https:\/\/ridextravel.com\/ridemybike\/wp-json\/wp\/v2\/comments?post=1677"}],"wp:featuredmedia":[{"embeddable":true,"href":"https:\/\/ridextravel.com\/ridemybike\/wp-json\/wp\/v2\/media\/1678"}],"wp:attachment":[{"href":"https:\/\/ridextravel.com\/ridemybike\/wp-json\/wp\/v2\/media?parent=1677"}],"wp:term":[{"taxonomy":"product_brand","embeddable":true,"href":"https:\/\/ridextravel.com\/ridemybike\/wp-json\/wp\/v2\/product_brand?post=1677"},{"taxonomy":"product_cat","embeddable":true,"href":"https:\/\/ridextravel.com\/ridemybike\/wp-json\/wp\/v2\/product_cat?post=1677"},{"taxonomy":"product_tag","embeddable":true,"href":"https:\/\/ridextravel.com\/ridemybike\/wp-json\/wp\/v2\/product_tag?post=1677"}],"curies":[{"name":"wp","href":"https:\/\/api.w.org\/{rel}","templated":true}]}}