{"id":1687,"date":"2022-06-03T10:08:47","date_gmt":"2022-06-03T10:08:47","guid":{"rendered":"https:\/\/ridextravel.com\/ridemybike\/?post_type=product&#038;p=1687"},"modified":"2023-03-08T11:54:28","modified_gmt":"2023-03-08T11:54:28","slug":"angliru","status":"publish","type":"product","link":"https:\/\/ridextravel.com\/ridemybike\/produto\/angliru\/","title":{"rendered":"Angliru"},"content":{"rendered":"<h3>QUADRO<\/h3>\n<ul>\n<li>Carbono T600<\/li>\n<li>quadro assim\u00e9trico<\/li>\n<li>Think2, compatibilidade com grupos mec\u00e2nicos e eletr\u00f4nicos<\/li>\n<li>ICR\u2122<\/li>\n<li>Suporte inferior de rosca italiana BB<\/li>\n<li>Espig\u00e3o do selim \u00f831,6mm<\/li>\n<li>\u00cdcone Validada pela comunidade<\/li>\n<\/ul>\n<h3>FREIO<\/h3>\n<ul>\n<li>Sistema de freio a disco RAD<\/li>\n<\/ul>\n<h3>GARFO<\/h3>\n<ul>\n<li>ONDA ANGLIRU<\/li>\n<\/ul>\n<h3><strong>GEOMETR\u00cdA \/ TALLAS<\/strong><\/h3>\n<div>\n<table>\n<tbody>\n<tr>\n<td>TALLA<\/td>\n<td>CF<\/td>\n<td>L<\/td>\n<td>A [\u00b0]<\/td>\n<td>B [\u00b0]<\/td>\n<td>P<\/td>\n<td>T<\/td>\n<td>D<\/td>\n<td>R<\/td>\n<td>G<\/td>\n<td>REACH<\/td>\n<td>STACK<\/td>\n<\/tr>\n<tr>\n<td>430<\/td>\n<td>450<\/td>\n<td>505<\/td>\n<td>73.5<\/td>\n<td>69.5<\/td>\n<td>413<\/td>\n<td>120<\/td>\n<td>67<\/td>\n<td>47<\/td>\n<td>373<\/td>\n<td>345<\/td>\n<td>512<\/td>\n<\/tr>\n<tr>\n<td>460<\/td>\n<td>480<\/td>\n<td>518<\/td>\n<td>73.5<\/td>\n<td>70.5<\/td>\n<td>413<\/td>\n<td>130<\/td>\n<td>67<\/td>\n<td>47<\/td>\n<td>373<\/td>\n<td>357<\/td>\n<td>525<\/td>\n<\/tr>\n<tr>\n<td>490<\/td>\n<td>510<\/td>\n<td>532<\/td>\n<td>73.5<\/td>\n<td>72<\/td>\n<td>413<\/td>\n<td>140<\/td>\n<td>67<\/td>\n<td>47<\/td>\n<td>373<\/td>\n<td>370<\/td>\n<td>540<\/td>\n<\/tr>\n<tr>\n<td>520<\/td>\n<td>540<\/td>\n<td>545<\/td>\n<td>73<\/td>\n<td>73<\/td>\n<td>413<\/td>\n<td>160<\/td>\n<td>72<\/td>\n<td>47<\/td>\n<td>373<\/td>\n<td>371<\/td>\n<td>568<\/td>\n<\/tr>\n<tr>\n<td>535<\/td>\n<td>555<\/td>\n<td>557<\/td>\n<td>73<\/td>\n<td>73<\/td>\n<td>413<\/td>\n<td>175<\/td>\n<td>72<\/td>\n<td>47<\/td>\n<td>373<\/td>\n<td>379<\/td>\n<td>582<\/td>\n<\/tr>\n<tr>\n<td>550<\/td>\n<td>570<\/td>\n<td>570<\/td>\n<td>73<\/td>\n<td>73<\/td>\n<td>413<\/td>\n<td>190<\/td>\n<td>72<\/td>\n<td>47<\/td>\n<td>373<\/td>\n<td>388<\/td>\n<td>597<\/td>\n<\/tr>\n<tr>\n<td>570<\/td>\n<td>590<\/td>\n<td>585<\/td>\n<td>72.5<\/td>\n<td>73<\/td>\n<td>413<\/td>\n<td>215<\/td>\n<td>72<\/td>\n<td>47<\/td>\n<td>373<\/td>\n<td>390<\/td>\n<td>621<\/td>\n<\/tr>\n<\/tbody>\n<\/table>\n<\/div>\n","protected":false},"excerpt":{"rendered":"<h3>O MODELO PINARELLO AO ALCANCE DE TODOS<\/h3>\n<p>O modelo Angliru incorpora o DNA da Pinarello com seu design assim\u00e9trico combinado com uma geometria confort\u00e1vel. O quadro e o garfo de carbono apresentam o design Onda para maior conforto e manuseio imbat\u00edvel. Possui o apoio de cabe\u00e7a mais alto para uma posi\u00e7\u00e3o mais ereta e mais confort\u00e1vel. O carro traseiro possui tirantes CRS (Century Ride), mais finos e mais curvos para uma maior capacidade de absor\u00e7\u00e3o de buracos, sem afetar a rigidez lateral do quadro.<\/p>\n<p>O modelo possui roteamento de cabos e o sistema Think2, que permite a adapta\u00e7\u00e3o tanto dos grupos mec\u00e2nicos quanto el\u00e9tricos.<\/p>\n","protected":false},"featured_media":3686,"comment_status":"open","ping_status":"closed","template":"","meta":[],"product_brand":[],"product_cat":[29,330,311],"product_tag":[],"class_list":{"0":"post-1687","1":"product","2":"type-product","3":"status-publish","4":"has-post-thumbnail","6":"product_cat-bicicletas","7":"product_cat-estrada-pinarello","8":"product_cat-pinarello","9":"entry","10":"has-media","12":"first","13":"instock","14":"taxable","15":"shipping-taxable","16":"purchasable","17":"product-type-variable"},"_links":{"self":[{"href":"https:\/\/ridextravel.com\/ridemybike\/wp-json\/wp\/v2\/product\/1687","targetHints":{"allow":["GET"]}}],"collection":[{"href":"https:\/\/ridextravel.com\/ridemybike\/wp-json\/wp\/v2\/product"}],"about":[{"href":"https:\/\/ridextravel.com\/ridemybike\/wp-json\/wp\/v2\/types\/product"}],"replies":[{"embeddable":true,"href":"https:\/\/ridextravel.com\/ridemybike\/wp-json\/wp\/v2\/comments?post=1687"}],"wp:featuredmedia":[{"embeddable":true,"href":"https:\/\/ridextravel.com\/ridemybike\/wp-json\/wp\/v2\/media\/3686"}],"wp:attachment":[{"href":"https:\/\/ridextravel.com\/ridemybike\/wp-json\/wp\/v2\/media?parent=1687"}],"wp:term":[{"taxonomy":"product_brand","embeddable":true,"href":"https:\/\/ridextravel.com\/ridemybike\/wp-json\/wp\/v2\/product_brand?post=1687"},{"taxonomy":"product_cat","embeddable":true,"href":"https:\/\/ridextravel.com\/ridemybike\/wp-json\/wp\/v2\/product_cat?post=1687"},{"taxonomy":"product_tag","embeddable":true,"href":"https:\/\/ridextravel.com\/ridemybike\/wp-json\/wp\/v2\/product_tag?post=1687"}],"curies":[{"name":"wp","href":"https:\/\/api.w.org\/{rel}","templated":true}]}}