{"id":1986,"date":"2022-09-23T15:11:43","date_gmt":"2022-09-23T15:11:43","guid":{"rendered":"https:\/\/ridextravel.com\/ridemybike\/?post_type=product&#038;p=1986"},"modified":"2023-03-22T12:32:14","modified_gmt":"2023-03-22T12:32:14","slug":"west-10","status":"publish","type":"product","link":"https:\/\/ridextravel.com\/ridemybike\/produto\/west-10\/","title":{"rendered":"West 10"},"content":{"rendered":"<h3>Caracter\u00edsticas Principais<\/h3>\n<ul>\n<li>Estrutura espec\u00edfica para cascalho de carbono<\/li>\n<li>Garfo de carbono espec\u00edfico de cascalho<\/li>\n<li>SRAM APEX 1 1&#215;11 velocidade de transmiss\u00e3o<\/li>\n<li>Rodas TLR &#8211; GR 700 Cascalho Megamo<\/li>\n<\/ul>\n<h3>Geometria WEST 10<\/h3>\n<div>\n<table>\n<thead>\n<tr>\n<th>Size<\/th>\n<th>XS<\/th>\n<th>S<\/th>\n<th>M<\/th>\n<th>L<\/th>\n<th>XL<\/th>\n<\/tr>\n<\/thead>\n<tbody>\n<tr>\n<td><b>T\/T<\/b><\/td>\n<td>525<\/td>\n<td>535<\/td>\n<td>545<\/td>\n<td>560<\/td>\n<td>575<\/td>\n<\/tr>\n<tr>\n<td><b>C\/S<\/b><\/td>\n<td>435<\/td>\n<td>435<\/td>\n<td>435<\/td>\n<td>435<\/td>\n<td>435<\/td>\n<\/tr>\n<tr>\n<td><b>S\/T<\/b><\/td>\n<td>490<\/td>\n<td>520<\/td>\n<td>540<\/td>\n<td>560<\/td>\n<td>580<\/td>\n<\/tr>\n<tr>\n<td><b>H\/T<\/b><\/td>\n<td>120<\/td>\n<td>140<\/td>\n<td>150<\/td>\n<td>170<\/td>\n<td>190<\/td>\n<\/tr>\n<tr>\n<td><b>REACH<\/b><\/td>\n<td>375<\/td>\n<td>375<\/td>\n<td>377<\/td>\n<td>380<\/td>\n<td>384<\/td>\n<\/tr>\n<tr>\n<td><b>STACK<\/b><\/td>\n<td>538<\/td>\n<td>556<\/td>\n<td>568<\/td>\n<td>589<\/td>\n<td>606<\/td>\n<\/tr>\n<tr>\n<td><b>FRONT ANGLE<\/b><\/td>\n<td>70,5\u00ba<\/td>\n<td>71\u00ba<\/td>\n<td>71,5\u00ba<\/td>\n<td>72\u00ba<\/td>\n<td>72\u00ba<\/td>\n<\/tr>\n<tr>\n<td><b>REAR ANGLE<\/b><\/td>\n<td>74,5\u00ba<\/td>\n<td>74\u00ba<\/td>\n<td>73,5\u00ba<\/td>\n<td>73\u00ba<\/td>\n<td>72,5\u00ba<\/td>\n<\/tr>\n<\/tbody>\n<\/table>\n<\/div>\n","protected":false},"excerpt":{"rendered":"<h3>CRIADO PARA MENTES INQUIETAS<\/h3>\n<p>Criado para descobrir novos terrenos. A <strong>Megamo West<\/strong> \u00e9 a bicicleta perfeita para os amantes da gravilha, para aqueles que anseiam por percorrer novos trilhos e desfrutar desta modalidade sem preocupa\u00e7\u00f5es. Andar de bicicleta nesta bicicleta permite-lhe infinitas possibilidades, \u00e9 a ferramenta perfeita para todos aqueles que t\u00eam uma mente inquieta.<\/p>\n<p>O <strong>Megamo West<\/strong> tem um quadro e um garfo de carbono e uma elevada capacidade de amortecimento. Com a sua baixa resist\u00eancia ao rolamento e geometria confort\u00e1vel, \u00e9 a ferramenta perfeita para se perder em trilhos e passeios longos.<\/p>\n","protected":false},"featured_media":3570,"comment_status":"open","ping_status":"closed","template":"","meta":[],"product_brand":[],"product_cat":[29,21,310],"product_tag":[246,249,72,251,76,267,268,250,265],"class_list":{"0":"post-1986","1":"product","2":"type-product","3":"status-publish","4":"has-post-thumbnail","6":"product_cat-bicicletas","7":"product_cat-gravel-megamo","8":"product_cat-megamo","9":"product_tag-gravel","10":"product_tag-gravilha","11":"product_tag-megamo","12":"product_tag-passeios-longos","13":"product_tag-sram","14":"product_tag-sram-apex-1-1x11","15":"product_tag-tlr-gr-700","16":"product_tag-trilhos","17":"product_tag-west","18":"entry","19":"has-media","21":"first","22":"instock","23":"taxable","24":"shipping-taxable","25":"purchasable","26":"product-type-variable"},"_links":{"self":[{"href":"https:\/\/ridextravel.com\/ridemybike\/wp-json\/wp\/v2\/product\/1986","targetHints":{"allow":["GET"]}}],"collection":[{"href":"https:\/\/ridextravel.com\/ridemybike\/wp-json\/wp\/v2\/product"}],"about":[{"href":"https:\/\/ridextravel.com\/ridemybike\/wp-json\/wp\/v2\/types\/product"}],"replies":[{"embeddable":true,"href":"https:\/\/ridextravel.com\/ridemybike\/wp-json\/wp\/v2\/comments?post=1986"}],"wp:featuredmedia":[{"embeddable":true,"href":"https:\/\/ridextravel.com\/ridemybike\/wp-json\/wp\/v2\/media\/3570"}],"wp:attachment":[{"href":"https:\/\/ridextravel.com\/ridemybike\/wp-json\/wp\/v2\/media?parent=1986"}],"wp:term":[{"taxonomy":"product_brand","embeddable":true,"href":"https:\/\/ridextravel.com\/ridemybike\/wp-json\/wp\/v2\/product_brand?post=1986"},{"taxonomy":"product_cat","embeddable":true,"href":"https:\/\/ridextravel.com\/ridemybike\/wp-json\/wp\/v2\/product_cat?post=1986"},{"taxonomy":"product_tag","embeddable":true,"href":"https:\/\/ridextravel.com\/ridemybike\/wp-json\/wp\/v2\/product_tag?post=1986"}],"curies":[{"name":"wp","href":"https:\/\/api.w.org\/{rel}","templated":true}]}}