{"id":2005,"date":"2022-09-27T09:43:13","date_gmt":"2022-09-27T09:43:13","guid":{"rendered":"https:\/\/ridextravel.com\/ridemybike\/?post_type=product&#038;p=2005"},"modified":"2023-03-06T15:59:56","modified_gmt":"2023-03-06T15:59:56","slug":"factory-elite-05","status":"publish","type":"product","link":"https:\/\/ridextravel.com\/ridemybike\/produto\/factory-elite-05\/","title":{"rendered":"Factory Elite 05"},"content":{"rendered":"<h3><strong>Caracter\u00edsticas Principais<br \/>\n<\/strong><\/h3>\n<ul>\n<li>Constru\u00e7\u00e3o Estrutura de carbono com tecnologia FSC com cablagem interna<\/li>\n<li>Garfo Fox 32 F\u00e1brica StepCast Kashima FIT4 100 mm<\/li>\n<li>Transmiss\u00e3o SRAM GX Eagle 12s<\/li>\n<li>Trav\u00f5es Shimano XT 8100<\/li>\n<li>rodas DT Swiss XR1700 25<\/li>\n<\/ul>\n","protected":false},"excerpt":{"rendered":"<div>\n<p>Esta bicicleta foi criada para ultrapassar os seus limites, explorar novos horizontes, e desfrutar do <strong>MTB<\/strong> como nunca antes. A Factory Megamo \u00e9 uma bicicleta de corrida, leve e forte. O seu car\u00e1cter vers\u00e1til permite aos seus utilizadores descobrir novos terrenos, qualquer que seja o seu n\u00edvel de experi\u00eancia, qualquer pessoa pode desfrutar desta bicicleta e de todas as suas possibilidades.<\/p>\n<p>A combina\u00e7\u00e3o da geometria de corrida, desenvolvida com a experi\u00eancia adquirida na competi\u00e7\u00e3o, e o quadro de carbono de alto m\u00f3dulo, assegura o equil\u00edbrio perfeito entre rigidez e leveza do conjunto, tornando-a uma das bicicletas mais leves e r\u00edgidas do mercado.<\/p>\n<\/div>\n","protected":false},"featured_media":3679,"comment_status":"open","ping_status":"closed","template":"","meta":[],"product_brand":[],"product_cat":[29,18,310],"product_tag":[248,238,77,235,233,72,237,76,236,234,232],"class_list":{"0":"post-2005","1":"product","2":"type-product","3":"status-publish","4":"has-post-thumbnail","6":"product_cat-bicicletas","7":"product_cat-btt","8":"product_cat-megamo","9":"product_tag-btt","10":"product_tag-dt-swiss-xr1700","11":"product_tag-factory","12":"product_tag-fit4-100-mm","13":"product_tag-fox-32","14":"product_tag-megamo","15":"product_tag-shimano-xt-8100","16":"product_tag-sram","17":"product_tag-sram-gx-eagle-12s","18":"product_tag-stepcast-kashima","19":"product_tag-tecnologia-fsc","20":"entry","21":"has-media","23":"first","24":"instock","25":"taxable","26":"shipping-taxable","27":"purchasable","28":"product-type-simple"},"_links":{"self":[{"href":"https:\/\/ridextravel.com\/ridemybike\/wp-json\/wp\/v2\/product\/2005","targetHints":{"allow":["GET"]}}],"collection":[{"href":"https:\/\/ridextravel.com\/ridemybike\/wp-json\/wp\/v2\/product"}],"about":[{"href":"https:\/\/ridextravel.com\/ridemybike\/wp-json\/wp\/v2\/types\/product"}],"replies":[{"embeddable":true,"href":"https:\/\/ridextravel.com\/ridemybike\/wp-json\/wp\/v2\/comments?post=2005"}],"wp:featuredmedia":[{"embeddable":true,"href":"https:\/\/ridextravel.com\/ridemybike\/wp-json\/wp\/v2\/media\/3679"}],"wp:attachment":[{"href":"https:\/\/ridextravel.com\/ridemybike\/wp-json\/wp\/v2\/media?parent=2005"}],"wp:term":[{"taxonomy":"product_brand","embeddable":true,"href":"https:\/\/ridextravel.com\/ridemybike\/wp-json\/wp\/v2\/product_brand?post=2005"},{"taxonomy":"product_cat","embeddable":true,"href":"https:\/\/ridextravel.com\/ridemybike\/wp-json\/wp\/v2\/product_cat?post=2005"},{"taxonomy":"product_tag","embeddable":true,"href":"https:\/\/ridextravel.com\/ridemybike\/wp-json\/wp\/v2\/product_tag?post=2005"}],"curies":[{"name":"wp","href":"https:\/\/api.w.org\/{rel}","templated":true}]}}