{"id":2024,"date":"2022-09-27T11:06:53","date_gmt":"2022-09-27T11:06:53","guid":{"rendered":"https:\/\/ridextravel.com\/ridemybike\/?post_type=product&#038;p=2024"},"modified":"2025-12-09T16:23:51","modified_gmt":"2025-12-09T16:23:51","slug":"natural-elite-07","status":"publish","type":"product","link":"https:\/\/ridextravel.com\/ridemybike\/produto\/natural-elite-07\/","title":{"rendered":"Natural Elite 07"},"content":{"rendered":"<h3>Geometria Natural Elite 07 (22)<\/h3>\n<div>\n<table>\n<thead>\n<tr>\n<th><\/th>\n<th><\/th>\n<th>S<\/th>\n<th>M<\/th>\n<th>L<\/th>\n<th>XL<\/th>\n<\/tr>\n<\/thead>\n<tbody>\n<tr>\n<td>\n<div>A<\/div>\n<\/td>\n<td>T\/T<\/td>\n<td>575<\/td>\n<td>600<\/td>\n<td>625<\/td>\n<td>650<\/td>\n<\/tr>\n<tr>\n<td>\n<div>B<\/div>\n<\/td>\n<td>C\/S<\/td>\n<td>445<\/td>\n<td>445<\/td>\n<td>445<\/td>\n<td>445<\/td>\n<\/tr>\n<tr>\n<td>\n<div>C<\/div>\n<\/td>\n<td>S\/T<\/td>\n<td>390<\/td>\n<td>440<\/td>\n<td>480<\/td>\n<td>530<\/td>\n<\/tr>\n<tr>\n<td>\n<div>D<\/div>\n<\/td>\n<td>H\/T<\/td>\n<td>95<\/td>\n<td>105<\/td>\n<td>115<\/td>\n<td>130<\/td>\n<\/tr>\n<tr>\n<td>\n<div>E<\/div>\n<\/td>\n<td>REACH<\/td>\n<td>397<\/td>\n<td>419<\/td>\n<td>442<\/td>\n<td>462<\/td>\n<\/tr>\n<tr>\n<td>\n<div>F<\/div>\n<\/td>\n<td>STACK<\/td>\n<td>600<\/td>\n<td>609<\/td>\n<td>619<\/td>\n<td>633<\/td>\n<\/tr>\n<tr>\n<td>\n<div>G<\/div>\n<\/td>\n<td>FRONT ANGLE<\/td>\n<td>69,5\u00ba<\/td>\n<td>69,5\u00ba<\/td>\n<td>69,5\u00ba<\/td>\n<td>69,5\u00ba<\/td>\n<\/tr>\n<tr>\n<td>\n<div>H<\/div>\n<\/td>\n<td>REAR ANGLE<\/td>\n<td>73,5\u00ba<\/td>\n<td>73,5\u00ba<\/td>\n<td>73,5\u00ba<\/td>\n<td>73,5\u00ba<\/td>\n<\/tr>\n<\/tbody>\n<\/table>\n<\/div>\n","protected":false},"excerpt":{"rendered":"<h3>O PRIMEIRO VEST\u00cdGIO<\/h3>\n<p>\u00c9 aqui que come\u00e7am os seus primeiros vest\u00edgios. A <strong>Elite Natural<\/strong> \u00e9 a bicicleta perfeita para entrar no mundo do <strong>MTB<\/strong> e viver novas aventuras. \u00c9 uma bicicleta muito vers\u00e1til, com um quadro de alum\u00ednio e uma geometria moderna e de corrida que lhe permitir\u00e1 desfrutar de Trail e das pistas com mais fluxo.<\/p>\n<p>Tem a tecnologia perfeita para que possa desfrutar sem limites: quadro triplo de alum\u00ednio com triplo mastro, tubo de cabe\u00e7a c\u00f3nica, sistema de p\u00f3s-montagem, encaminhamento interno de cabos, montagem directa de desviadores, etc.<\/p>\n<h3><strong>Caracater\u00edsticas Principais<br \/>\n<\/strong><\/h3>\n<ul>\n<li>Estrutura Tripla de Alum\u00ednio 6061 com Tripla Face, Tecnologia Hidroformada, com fio interno e Tappered<\/li>\n<li>Garfo RockShox Judy Air com 100mm de percurso<\/li>\n<li>Velocidades de transmiss\u00e3o SRAM SX 12<\/li>\n<li>Trav\u00f5es de disco hidr\u00e1ulico Shimano M201<\/li>\n<li>Rodas READY 25<\/li>\n<\/ul>\n<div class=\"wpex-alert wpex-alert-warning wpex-alert-error\"><strong>Importante:<\/strong> para ver as cores deve primeiro selecionar o tamanho.<\/div>\n","protected":false},"featured_media":3420,"comment_status":"open","ping_status":"closed","template":"","meta":[],"product_brand":[],"product_cat":[29,18,310],"product_tag":[248,72,224,75,225,227,76,221,219,218,216,217],"class_list":{"0":"post-2024","1":"product","2":"type-product","3":"status-publish","4":"has-post-thumbnail","6":"product_cat-bicicletas","7":"product_cat-btt","8":"product_cat-megamo","9":"product_tag-btt","10":"product_tag-megamo","11":"product_tag-ready-25","12":"product_tag-rockshox","13":"product_tag-rockshox-judy-air","14":"product_tag-shimano-m201","15":"product_tag-sram","16":"product_tag-sram-sx-12","17":"product_tag-tappered","18":"product_tag-tecnologia-hidroformada","19":"product_tag-tripla-de-aluminio-6061","20":"product_tag-tripla-face","21":"entry","22":"has-media","24":"first","25":"instock","26":"taxable","27":"shipping-taxable","28":"purchasable","29":"product-type-variable"},"_links":{"self":[{"href":"https:\/\/ridextravel.com\/ridemybike\/wp-json\/wp\/v2\/product\/2024","targetHints":{"allow":["GET"]}}],"collection":[{"href":"https:\/\/ridextravel.com\/ridemybike\/wp-json\/wp\/v2\/product"}],"about":[{"href":"https:\/\/ridextravel.com\/ridemybike\/wp-json\/wp\/v2\/types\/product"}],"replies":[{"embeddable":true,"href":"https:\/\/ridextravel.com\/ridemybike\/wp-json\/wp\/v2\/comments?post=2024"}],"wp:featuredmedia":[{"embeddable":true,"href":"https:\/\/ridextravel.com\/ridemybike\/wp-json\/wp\/v2\/media\/3420"}],"wp:attachment":[{"href":"https:\/\/ridextravel.com\/ridemybike\/wp-json\/wp\/v2\/media?parent=2024"}],"wp:term":[{"taxonomy":"product_brand","embeddable":true,"href":"https:\/\/ridextravel.com\/ridemybike\/wp-json\/wp\/v2\/product_brand?post=2024"},{"taxonomy":"product_cat","embeddable":true,"href":"https:\/\/ridextravel.com\/ridemybike\/wp-json\/wp\/v2\/product_cat?post=2024"},{"taxonomy":"product_tag","embeddable":true,"href":"https:\/\/ridextravel.com\/ridemybike\/wp-json\/wp\/v2\/product_tag?post=2024"}],"curies":[{"name":"wp","href":"https:\/\/api.w.org\/{rel}","templated":true}]}}