{"id":2772,"date":"2022-10-07T10:21:15","date_gmt":"2022-10-07T10:21:15","guid":{"rendered":"https:\/\/ridextravel.com\/ridemybike\/?post_type=product&#038;p=2772"},"modified":"2023-03-28T12:35:01","modified_gmt":"2023-03-28T12:35:01","slug":"cima","status":"publish","type":"product","link":"https:\/\/ridextravel.com\/ridemybike\/produto\/cima\/","title":{"rendered":"Cima"},"content":{"rendered":"","protected":false},"excerpt":{"rendered":"<p>A mistura perfeita entre conforto e alto desempenho, rigidez e suavidade. Desenvolvemos um sapato que alcan\u00e7a um novo n\u00edvel de conforto e desempenho em sapatos de ciclismo.<\/p>\n<p><strong>CIMA<\/strong> \u00e9 um sapato de escalada leve. Ultra r\u00edgido &#8211; \u00edndice de rigidez 11 &#8211; incrivelmente confort\u00e1vel, respir\u00e1vel e de secagem r\u00e1pida. No tamanho 42 pesa 240 gr.<\/p>\n","protected":false},"featured_media":2775,"comment_status":"open","ping_status":"closed","template":"","meta":[],"product_brand":[],"product_cat":[25,31,367],"product_tag":[],"class_list":{"0":"post-2772","1":"product","2":"type-product","3":"status-publish","4":"has-post-thumbnail","6":"product_cat-calcado","7":"product_cat-equipamento","8":"product_cat-udog","9":"entry","10":"has-media","12":"first","13":"instock","14":"featured","15":"taxable","16":"shipping-taxable","17":"purchasable","18":"product-type-variable"},"_links":{"self":[{"href":"https:\/\/ridextravel.com\/ridemybike\/wp-json\/wp\/v2\/product\/2772","targetHints":{"allow":["GET"]}}],"collection":[{"href":"https:\/\/ridextravel.com\/ridemybike\/wp-json\/wp\/v2\/product"}],"about":[{"href":"https:\/\/ridextravel.com\/ridemybike\/wp-json\/wp\/v2\/types\/product"}],"replies":[{"embeddable":true,"href":"https:\/\/ridextravel.com\/ridemybike\/wp-json\/wp\/v2\/comments?post=2772"}],"wp:featuredmedia":[{"embeddable":true,"href":"https:\/\/ridextravel.com\/ridemybike\/wp-json\/wp\/v2\/media\/2775"}],"wp:attachment":[{"href":"https:\/\/ridextravel.com\/ridemybike\/wp-json\/wp\/v2\/media?parent=2772"}],"wp:term":[{"taxonomy":"product_brand","embeddable":true,"href":"https:\/\/ridextravel.com\/ridemybike\/wp-json\/wp\/v2\/product_brand?post=2772"},{"taxonomy":"product_cat","embeddable":true,"href":"https:\/\/ridextravel.com\/ridemybike\/wp-json\/wp\/v2\/product_cat?post=2772"},{"taxonomy":"product_tag","embeddable":true,"href":"https:\/\/ridextravel.com\/ridemybike\/wp-json\/wp\/v2\/product_tag?post=2772"}],"curies":[{"name":"wp","href":"https:\/\/api.w.org\/{rel}","templated":true}]}}