{"id":3775,"date":"2022-10-25T14:39:38","date_gmt":"2022-10-25T14:39:38","guid":{"rendered":"https:\/\/ridextravel.com\/ridemybike\/?post_type=product&#038;p=3775"},"modified":"2023-03-06T12:33:55","modified_gmt":"2023-03-06T12:33:55","slug":"atara","status":"publish","type":"product","link":"https:\/\/ridextravel.com\/ridemybike\/produto\/atara\/","title":{"rendered":"Atara"},"content":{"rendered":"","protected":false},"excerpt":{"rendered":"<p>O <strong>ATARA<\/strong> beneficia de todos os desenvolvimentos t\u00e9cnicos dos modelos topo de gama da <strong>HJC<\/strong>, tais como o <strong>IBEX 2.0<\/strong> e o<strong> FURION 2.0<\/strong>. Aerodin\u00e2mico e confort\u00e1vel, o <strong>ATARA<\/strong> \u00e9 a sua entrada perfeita para o mundo do <strong>HJC<\/strong>, um capacete quotidiano com um ajuste perfeito. \u00c9 leve, f\u00e1cil de ajustar ao tamanho da cabe\u00e7a e n\u00e3o compromete a seguran\u00e7a.<\/p>\n","protected":false},"featured_media":3898,"comment_status":"open","ping_status":"closed","template":"","meta":[],"product_brand":[],"product_cat":[26,31,307],"product_tag":[],"class_list":{"0":"post-3775","1":"product","2":"type-product","3":"status-publish","4":"has-post-thumbnail","6":"product_cat-capacetes","7":"product_cat-equipamento","8":"product_cat-hjc","9":"entry","10":"has-media","12":"first","13":"instock","14":"featured","15":"taxable","16":"shipping-taxable","17":"purchasable","18":"product-type-variable"},"_links":{"self":[{"href":"https:\/\/ridextravel.com\/ridemybike\/wp-json\/wp\/v2\/product\/3775","targetHints":{"allow":["GET"]}}],"collection":[{"href":"https:\/\/ridextravel.com\/ridemybike\/wp-json\/wp\/v2\/product"}],"about":[{"href":"https:\/\/ridextravel.com\/ridemybike\/wp-json\/wp\/v2\/types\/product"}],"replies":[{"embeddable":true,"href":"https:\/\/ridextravel.com\/ridemybike\/wp-json\/wp\/v2\/comments?post=3775"}],"wp:featuredmedia":[{"embeddable":true,"href":"https:\/\/ridextravel.com\/ridemybike\/wp-json\/wp\/v2\/media\/3898"}],"wp:attachment":[{"href":"https:\/\/ridextravel.com\/ridemybike\/wp-json\/wp\/v2\/media?parent=3775"}],"wp:term":[{"taxonomy":"product_brand","embeddable":true,"href":"https:\/\/ridextravel.com\/ridemybike\/wp-json\/wp\/v2\/product_brand?post=3775"},{"taxonomy":"product_cat","embeddable":true,"href":"https:\/\/ridextravel.com\/ridemybike\/wp-json\/wp\/v2\/product_cat?post=3775"},{"taxonomy":"product_tag","embeddable":true,"href":"https:\/\/ridextravel.com\/ridemybike\/wp-json\/wp\/v2\/product_tag?post=3775"}],"curies":[{"name":"wp","href":"https:\/\/api.w.org\/{rel}","templated":true}]}}