{"id":4144,"date":"2022-11-15T12:29:20","date_gmt":"2022-11-15T12:29:20","guid":{"rendered":"https:\/\/ridextravel.com\/ridemybike\/?post_type=product&#038;p=4144"},"modified":"2023-03-08T12:56:39","modified_gmt":"2023-03-08T12:56:39","slug":"bicicleta-lol-surprise-20","status":"publish","type":"product","link":"https:\/\/ridextravel.com\/ridemybike\/produto\/bicicleta-lol-surprise-20\/","title":{"rendered":"Bicicleta LOL Surprise 20&#8243;"},"content":{"rendered":"","protected":false},"excerpt":{"rendered":"<p>Bicicleta das LOL Surprise de 20 polegadas com trav\u00e3o dianteiro e traseiro, guarda-lamas, cesto no volante para levares pequenos objectos, selim e banco regul\u00e1vel em altura, campa\u00ednha, descanso e refletores nas rodas.<\/p>\n<p>Ideal para momentos de desporto ao ar livre. Pela seguran\u00e7a da sua menina, n\u00e3o se esque\u00e7a do capacete.<\/p>\n<p>Rodas (em polegadas) recomendadas por altura da crian\u00e7a:<br \/>\n12&#8243; &#8211; 90-100cm<br \/>\n14&#8243; &#8211; 100-110cm<br \/>\n16&#8243; &#8211; 110-120cm<br \/>\n20&#8243; &#8211; 130-145cm<\/p>\n","protected":false},"featured_media":4145,"comment_status":"open","ping_status":"closed","template":"","meta":[],"product_brand":[],"product_cat":[29,22,315],"product_tag":[],"class_list":{"0":"post-4144","1":"product","2":"type-product","3":"status-publish","4":"has-post-thumbnail","6":"product_cat-bicicletas","7":"product_cat-crianca","8":"product_cat-lol","9":"entry","10":"has-media","12":"first","13":"instock","14":"taxable","15":"shipping-taxable","16":"purchasable","17":"product-type-simple"},"_links":{"self":[{"href":"https:\/\/ridextravel.com\/ridemybike\/wp-json\/wp\/v2\/product\/4144","targetHints":{"allow":["GET"]}}],"collection":[{"href":"https:\/\/ridextravel.com\/ridemybike\/wp-json\/wp\/v2\/product"}],"about":[{"href":"https:\/\/ridextravel.com\/ridemybike\/wp-json\/wp\/v2\/types\/product"}],"replies":[{"embeddable":true,"href":"https:\/\/ridextravel.com\/ridemybike\/wp-json\/wp\/v2\/comments?post=4144"}],"wp:featuredmedia":[{"embeddable":true,"href":"https:\/\/ridextravel.com\/ridemybike\/wp-json\/wp\/v2\/media\/4145"}],"wp:attachment":[{"href":"https:\/\/ridextravel.com\/ridemybike\/wp-json\/wp\/v2\/media?parent=4144"}],"wp:term":[{"taxonomy":"product_brand","embeddable":true,"href":"https:\/\/ridextravel.com\/ridemybike\/wp-json\/wp\/v2\/product_brand?post=4144"},{"taxonomy":"product_cat","embeddable":true,"href":"https:\/\/ridextravel.com\/ridemybike\/wp-json\/wp\/v2\/product_cat?post=4144"},{"taxonomy":"product_tag","embeddable":true,"href":"https:\/\/ridextravel.com\/ridemybike\/wp-json\/wp\/v2\/product_tag?post=4144"}],"curies":[{"name":"wp","href":"https:\/\/api.w.org\/{rel}","templated":true}]}}