{"id":4152,"date":"2022-11-15T13:09:36","date_gmt":"2022-11-15T13:09:36","guid":{"rendered":"https:\/\/ridextravel.com\/ridemybike\/?post_type=product&#038;p=4152"},"modified":"2023-03-08T12:54:21","modified_gmt":"2023-03-08T12:54:21","slug":"bicicleta-spider-man-16-5-7-anos","status":"publish","type":"product","link":"https:\/\/ridextravel.com\/ridemybike\/produto\/bicicleta-spider-man-16-5-7-anos\/","title":{"rendered":"Bicicleta Spider-man 16&#8243; 5-7 Anos"},"content":{"rendered":"","protected":false},"excerpt":{"rendered":"<p>Bicicleta infantil com roda de 16 polegadas, ideal para crian\u00e7as com 5-7 anos de idade, 107-125 cm de altura. esta bicicleta possui pneus insufl\u00e1veis, est\u00e1 equipada com trav\u00e3o dianteiro e traseiro. O protetor de corrente evita que a roupa da crian\u00e7a fique presa ou suja. flexibilidade para crescer com a crian\u00e7a: o selim e o guiador s\u00e3o ajust\u00e1veis, as rodas estabilizadoras podem ser removidas. a bicicleta \u00e9 entregue 85% pr\u00e9-montada e fica pronta para uso ap\u00f3s alguns passos simples.<\/p>\n","protected":false},"featured_media":4153,"comment_status":"open","ping_status":"closed","template":"","meta":[],"product_brand":[],"product_cat":[29,22,317],"product_tag":[],"class_list":{"0":"post-4152","1":"product","2":"type-product","3":"status-publish","4":"has-post-thumbnail","6":"product_cat-bicicletas","7":"product_cat-crianca","8":"product_cat-marca-branca","9":"entry","10":"has-media","12":"first","13":"instock","14":"taxable","15":"shipping-taxable","16":"purchasable","17":"product-type-simple"},"_links":{"self":[{"href":"https:\/\/ridextravel.com\/ridemybike\/wp-json\/wp\/v2\/product\/4152","targetHints":{"allow":["GET"]}}],"collection":[{"href":"https:\/\/ridextravel.com\/ridemybike\/wp-json\/wp\/v2\/product"}],"about":[{"href":"https:\/\/ridextravel.com\/ridemybike\/wp-json\/wp\/v2\/types\/product"}],"replies":[{"embeddable":true,"href":"https:\/\/ridextravel.com\/ridemybike\/wp-json\/wp\/v2\/comments?post=4152"}],"wp:featuredmedia":[{"embeddable":true,"href":"https:\/\/ridextravel.com\/ridemybike\/wp-json\/wp\/v2\/media\/4153"}],"wp:attachment":[{"href":"https:\/\/ridextravel.com\/ridemybike\/wp-json\/wp\/v2\/media?parent=4152"}],"wp:term":[{"taxonomy":"product_brand","embeddable":true,"href":"https:\/\/ridextravel.com\/ridemybike\/wp-json\/wp\/v2\/product_brand?post=4152"},{"taxonomy":"product_cat","embeddable":true,"href":"https:\/\/ridextravel.com\/ridemybike\/wp-json\/wp\/v2\/product_cat?post=4152"},{"taxonomy":"product_tag","embeddable":true,"href":"https:\/\/ridextravel.com\/ridemybike\/wp-json\/wp\/v2\/product_tag?post=4152"}],"curies":[{"name":"wp","href":"https:\/\/api.w.org\/{rel}","templated":true}]}}