{"id":6484,"date":"2025-12-09T16:47:07","date_gmt":"2025-12-09T16:47:07","guid":{"rendered":"https:\/\/ridextravel.com\/ridemybike\/?post_type=product&#038;p=6484"},"modified":"2025-12-11T12:18:47","modified_gmt":"2025-12-11T12:18:47","slug":"teammachine-r-01-one","status":"publish","type":"product","link":"https:\/\/ridextravel.com\/ridemybike\/produto\/teammachine-r-01-one\/","title":{"rendered":"Teammachine R 01 ONE"},"content":{"rendered":"<p>Concebida com precis\u00e3o para oferecer o m\u00e1ximo desempenho. Nascida da colabora\u00e7\u00e3o com a Red Bull Advanced Technologies, a Teammachine R 01 coloca o desempenho das corridas profissionais ao alcance de todos os ciclistas. Concebida com objetivos de alta rigidez, baixa resist\u00eancia aerodin\u00e2mica e t\u00e9cnicas de constru\u00e7\u00e3o leve, \u00e9 a bicicleta de estrada mais r\u00e1pida alguma vez fabricada pela BMC. Est\u00e1 equipada com o nosso cockpit aerodin\u00e2mico e de baixo stack ICS Aero, com o grupo SRAM Red AXS \u2013 o mais tecnol\u00f3gico dispon\u00edvel \u2013, um medidor de pot\u00eancia e rodas DT Swiss ARC 1100 DiCut de 65 mm. Quer se trate de uma chegada ao topo ou de uma fuga a solo, esta bicicleta foi concebida para oferecer o m\u00e1ximo desempenho.<\/p>\n","protected":false},"excerpt":{"rendered":"<p>Concebida para subir ao p\u00f3dio. Quadro com layup 01, cockpit ICS Aero, grupo SRAM Red AXS com medidor de pot\u00eancia e rodas DT Swiss ARC 1100. N\u00e3o h\u00e1 desculpas.<\/p>\n<h3 data-path-to-node=\"8,0\">CARACTER\u00cdSTICAS PRINCIPAIS<\/h3>\n<ul data-path-to-node=\"8,1\">\n<li>\n<p data-path-to-node=\"8,1,0,0\">Grupo de transmiss\u00e3o de m\u00e1xima gama <b>SRAM RED eTap AXS<\/b> (Sem fios)<\/p>\n<\/li>\n<li>\n<p data-path-to-node=\"8,1,1,0\">Inclui <b>Medidor de Pot\u00eancia<\/b> integrado (SRAM Red AXS Power Meter)<\/p>\n<\/li>\n<li>\n<p data-path-to-node=\"8,1,2,0\">Cockpit integrado de carbono (ICS Carbon Aero)<\/p>\n<\/li>\n<li>\n<p data-path-to-node=\"8,1,3,0\">Rodas de carbono <b>DT Swiss ARC 1100 DICUT<\/b> de 65mm<\/p>\n<\/li>\n<li>\n<p data-path-to-node=\"8,1,4,0\">Quadro Teammachine R 01 01 Premium Carbon, Design Aerocore<\/p>\n<\/li>\n<\/ul>\n<div class=\"wpex-alert wpex-alert-warning wpex-alert-error\"><strong>Importante:<\/strong> deve primeiro selecionar as cores e o size.<\/div>\n","protected":false},"featured_media":6490,"comment_status":"open","ping_status":"closed","template":"","meta":[],"product_brand":[377],"product_cat":[29,369,394],"product_tag":[],"class_list":{"0":"post-6484","1":"product","2":"type-product","3":"status-publish","4":"has-post-thumbnail","6":"product_brand-bmc","7":"product_cat-bicicletas","8":"product_cat-bmc","9":"product_cat-estrada-bmc","10":"entry","11":"has-media","13":"first","14":"instock","15":"taxable","16":"shipping-taxable","17":"purchasable","18":"product-type-variable"},"_links":{"self":[{"href":"https:\/\/ridextravel.com\/ridemybike\/wp-json\/wp\/v2\/product\/6484","targetHints":{"allow":["GET"]}}],"collection":[{"href":"https:\/\/ridextravel.com\/ridemybike\/wp-json\/wp\/v2\/product"}],"about":[{"href":"https:\/\/ridextravel.com\/ridemybike\/wp-json\/wp\/v2\/types\/product"}],"replies":[{"embeddable":true,"href":"https:\/\/ridextravel.com\/ridemybike\/wp-json\/wp\/v2\/comments?post=6484"}],"wp:featuredmedia":[{"embeddable":true,"href":"https:\/\/ridextravel.com\/ridemybike\/wp-json\/wp\/v2\/media\/6490"}],"wp:attachment":[{"href":"https:\/\/ridextravel.com\/ridemybike\/wp-json\/wp\/v2\/media?parent=6484"}],"wp:term":[{"taxonomy":"product_brand","embeddable":true,"href":"https:\/\/ridextravel.com\/ridemybike\/wp-json\/wp\/v2\/product_brand?post=6484"},{"taxonomy":"product_cat","embeddable":true,"href":"https:\/\/ridextravel.com\/ridemybike\/wp-json\/wp\/v2\/product_cat?post=6484"},{"taxonomy":"product_tag","embeddable":true,"href":"https:\/\/ridextravel.com\/ridemybike\/wp-json\/wp\/v2\/product_tag?post=6484"}],"curies":[{"name":"wp","href":"https:\/\/api.w.org\/{rel}","templated":true}]}}