{"id":6625,"date":"2025-12-09T22:11:50","date_gmt":"2025-12-09T22:11:50","guid":{"rendered":"https:\/\/ridextravel.com\/ridemybike\/?post_type=product&#038;p=6625"},"modified":"2025-12-11T12:21:32","modified_gmt":"2025-12-11T12:21:32","slug":"teammachine-slr-four","status":"publish","type":"product","link":"https:\/\/ridextravel.com\/ridemybike\/produto\/teammachine-slr-four\/","title":{"rendered":"Teammachine SLR FOUR"},"content":{"rendered":"<p data-path-to-node=\"2,0\">A Teammachine SLR: precis\u00e3o aperfei\u00e7oada. Entre numa nova era do ciclismo de estrada com a Teammachine SLR, uma bicicleta que incorpora a inova\u00e7\u00e3o e o desempenho de vanguarda a um n\u00edvel mais acess\u00edvel.<\/p>\n<p data-path-to-node=\"2,1\">Constru\u00edda com carbono <i>premium<\/i> leve, o seu quadro TCC Race e o espig\u00e3o de selim de carbono tipo &#8220;D&#8221; garantem o equil\u00edbrio perfeito entre velocidade, controlo e conforto. Concebida para oferecer a m\u00e1xima efici\u00eancia, conta com a integra\u00e7\u00e3o do porta-bid\u00e3o Aerocore, a tecnologia de encaminhamento de cabos ICS e os <i>dropouts<\/i> (ponteiras) Stealth para uma aerodin\u00e2mica perfeita. D\u00e9cadas de desenvolvimento moldaram cada aspeto desta bicicleta, oferecendo uma m\u00e1quina elegante e eficiente, pronta para os seus percursos mais desafiantes.<\/p>\n","protected":false},"excerpt":{"rendered":"<p>Descubra o padr\u00e3o ouro em conforto, controlo e velocidade com a BMC Teammachine SLR. Carbono de primeira qualidade, cablagem integrada e a fiabilidade do Shimano 105.<\/p>\n<h3 data-path-to-node=\"9,0\">CARACTER\u00cdSTICAS PRINCIPAIS<\/h3>\n<ul data-path-to-node=\"9,1\">\n<li>\n<p data-path-to-node=\"9,1,0,0\">Quadro <b>SLR Carbon<\/b> (leve e confort\u00e1vel)<\/p>\n<\/li>\n<li>\n<p data-path-to-node=\"9,1,1,0\">Grupo mec\u00e2nico <b>Shimano 105<\/b> (2&#215;11)<\/p>\n<\/li>\n<li>\n<p data-path-to-node=\"9,1,2,0\">Cablagem totalmente integrada (ICS Cockpit)<\/p>\n<\/li>\n<li>\n<p data-path-to-node=\"9,1,3,0\">Tecnologia Tuned Compliance Concept (TCC Race)<\/p>\n<\/li>\n<li>\n<p data-path-to-node=\"9,1,4,0\">Rodas Shimano\/Mavic de alum\u00ednio<\/p>\n<\/li>\n<\/ul>\n<div class=\"wpex-alert wpex-alert-warning wpex-alert-error\"><strong>Importante:<\/strong> deve primeiro selecionar as cores e o size.<\/div>\n","protected":false},"featured_media":6626,"comment_status":"open","ping_status":"closed","template":"","meta":[],"product_brand":[377],"product_cat":[29,369,394],"product_tag":[],"class_list":{"0":"post-6625","1":"product","2":"type-product","3":"status-publish","4":"has-post-thumbnail","6":"product_brand-bmc","7":"product_cat-bicicletas","8":"product_cat-bmc","9":"product_cat-estrada-bmc","10":"entry","11":"has-media","13":"first","14":"instock","15":"taxable","16":"shipping-taxable","17":"purchasable","18":"product-type-variable"},"_links":{"self":[{"href":"https:\/\/ridextravel.com\/ridemybike\/wp-json\/wp\/v2\/product\/6625","targetHints":{"allow":["GET"]}}],"collection":[{"href":"https:\/\/ridextravel.com\/ridemybike\/wp-json\/wp\/v2\/product"}],"about":[{"href":"https:\/\/ridextravel.com\/ridemybike\/wp-json\/wp\/v2\/types\/product"}],"replies":[{"embeddable":true,"href":"https:\/\/ridextravel.com\/ridemybike\/wp-json\/wp\/v2\/comments?post=6625"}],"wp:featuredmedia":[{"embeddable":true,"href":"https:\/\/ridextravel.com\/ridemybike\/wp-json\/wp\/v2\/media\/6626"}],"wp:attachment":[{"href":"https:\/\/ridextravel.com\/ridemybike\/wp-json\/wp\/v2\/media?parent=6625"}],"wp:term":[{"taxonomy":"product_brand","embeddable":true,"href":"https:\/\/ridextravel.com\/ridemybike\/wp-json\/wp\/v2\/product_brand?post=6625"},{"taxonomy":"product_cat","embeddable":true,"href":"https:\/\/ridextravel.com\/ridemybike\/wp-json\/wp\/v2\/product_cat?post=6625"},{"taxonomy":"product_tag","embeddable":true,"href":"https:\/\/ridextravel.com\/ridemybike\/wp-json\/wp\/v2\/product_tag?post=6625"}],"curies":[{"name":"wp","href":"https:\/\/api.w.org\/{rel}","templated":true}]}}