{"id":6685,"date":"2025-12-10T15:26:42","date_gmt":"2025-12-10T15:26:42","guid":{"rendered":"https:\/\/ridextravel.com\/ridemybike\/?post_type=product&#038;p=6685"},"modified":"2025-12-11T12:22:14","modified_gmt":"2025-12-11T12:22:14","slug":"roadmachine-one","status":"publish","type":"product","link":"https:\/\/ridextravel.com\/ridemybike\/produto\/roadmachine-one\/","title":{"rendered":"Roadmachine ONE"},"content":{"rendered":"<p>Es la primera opci\u00f3n para los ciclistas que quieren recorrer largas distancias y no quieren limitarse a un solo terreno. Bas\u00e1ndonos en nuestra experiencia y en nuestro legado de excelencia en la categor\u00eda Endurance, la Roadmachine combina comodidad y eficiencia en una bicicleta de carretera de alto rendimiento muy vers\u00e1til que ofrece una experiencia de conducci\u00f3n excepcional.<br \/>\nCon un cuadro de carbono ligero, la bicicleta Endurance Roadmachine est\u00e1 repleta de caracter\u00edsticas como el cableado totalmente integrado, el almacenamiento en el tubo diagonal y una luz trasera integrada, lo que la prepara para cualquier desaf\u00edo. Los neum\u00e1ticos anchos y de rodaje r\u00e1pido proporcionan una conducci\u00f3n suave sobre diferentes tipos de superficie.<br \/>\nEquipada con un grupo completo Shimano Ultegra y ruedas ligeras tubeless, la Roadmachine ONE presenta una cuidada selecci\u00f3n de componentes. Nuestra propia potencia RSM01 integrada y el nuevo manillar Endurance Alloy ofrecen una ergonom\u00eda de primera clase y la combinaci\u00f3n perfecta de control y comodidad para tus esfuerzos en carretera.<\/p>\n","protected":false},"excerpt":{"rendered":"<p>Onde a Endurance se une \u00e0 excel\u00eancia. Com o quadro de carbono da BMC e a integra\u00e7\u00e3o total com o fi\u00e1vel Shimano Ultegra, tem todas as estradas ao seu alcance para as dominar.<\/p>\n<h3 data-path-to-node=\"9,0\">CARACTER\u00cdSTICAS PRINCIPAIS<\/h3>\n<ul data-path-to-node=\"9,1\">\n<li>\n<p data-path-to-node=\"9,1,0,0\">Quadro <b>Roadmachine 01 Premium Carbon<\/b> (leveza e conformidade TCC Endurance)<\/p>\n<\/li>\n<li>\n<p data-path-to-node=\"9,1,1,0\">Grupo eletr\u00f3nico <b>SHIMANO Ultegra Di2<\/b> (2&#215;12)<\/p>\n<\/li>\n<li>\n<p data-path-to-node=\"9,1,2,0\">Cockpit <b>ICS Carbon<\/b> e cablagem totalmente oculta<\/p>\n<\/li>\n<li>\n<p data-path-to-node=\"9,1,3,0\">Tecnologia Tuned Compliance Concept (TCC Endurance)<\/p>\n<\/li>\n<li>\n<p data-path-to-node=\"9,1,4,0\">Permite pneus largos (at\u00e9 33mm) para m\u00e1ximo conforto<\/p>\n<\/li>\n<\/ul>\n<div class=\"wpex-alert wpex-alert-warning wpex-alert-error\"><strong>Importante:<\/strong> deve primeiro selecionar as cores e o size.<\/div>\n","protected":false},"featured_media":6693,"comment_status":"open","ping_status":"closed","template":"","meta":[],"product_brand":[377],"product_cat":[29,369,394],"product_tag":[],"class_list":{"0":"post-6685","1":"product","2":"type-product","3":"status-publish","4":"has-post-thumbnail","6":"product_brand-bmc","7":"product_cat-bicicletas","8":"product_cat-bmc","9":"product_cat-estrada-bmc","10":"entry","11":"has-media","13":"first","14":"instock","15":"taxable","16":"shipping-taxable","17":"purchasable","18":"product-type-variable"},"_links":{"self":[{"href":"https:\/\/ridextravel.com\/ridemybike\/wp-json\/wp\/v2\/product\/6685","targetHints":{"allow":["GET"]}}],"collection":[{"href":"https:\/\/ridextravel.com\/ridemybike\/wp-json\/wp\/v2\/product"}],"about":[{"href":"https:\/\/ridextravel.com\/ridemybike\/wp-json\/wp\/v2\/types\/product"}],"replies":[{"embeddable":true,"href":"https:\/\/ridextravel.com\/ridemybike\/wp-json\/wp\/v2\/comments?post=6685"}],"wp:featuredmedia":[{"embeddable":true,"href":"https:\/\/ridextravel.com\/ridemybike\/wp-json\/wp\/v2\/media\/6693"}],"wp:attachment":[{"href":"https:\/\/ridextravel.com\/ridemybike\/wp-json\/wp\/v2\/media?parent=6685"}],"wp:term":[{"taxonomy":"product_brand","embeddable":true,"href":"https:\/\/ridextravel.com\/ridemybike\/wp-json\/wp\/v2\/product_brand?post=6685"},{"taxonomy":"product_cat","embeddable":true,"href":"https:\/\/ridextravel.com\/ridemybike\/wp-json\/wp\/v2\/product_cat?post=6685"},{"taxonomy":"product_tag","embeddable":true,"href":"https:\/\/ridextravel.com\/ridemybike\/wp-json\/wp\/v2\/product_tag?post=6685"}],"curies":[{"name":"wp","href":"https:\/\/api.w.org\/{rel}","templated":true}]}}