{"id":6814,"date":"2025-12-10T19:37:06","date_gmt":"2025-12-10T19:37:06","guid":{"rendered":"https:\/\/ridextravel.com\/ridemybike\/?post_type=product&#038;p=6814"},"modified":"2025-12-11T12:25:23","modified_gmt":"2025-12-11T12:25:23","slug":"fourstroke-01-three","status":"publish","type":"product","link":"https:\/\/ridextravel.com\/ridemybike\/produto\/fourstroke-01-three\/","title":{"rendered":"Fourstroke 01 THREE"},"content":{"rendered":"<p>Com m\u00faltiplos p\u00f3dios e dominando em v\u00e1rios terrenos, a Fourstroke 01 \u00e9 uma m\u00e1quina XCO testada em competi\u00e7\u00e3o e projetada para satisfazer as necessidades dos ciclistas de elite. Equipada com o nosso sistema de suspens\u00e3o APS de dupla liga\u00e7\u00e3o, cada pedalada traduzir-se-\u00e1 em velocidade.<\/p>\n<p>O curso est\u00e1 ajustado para 110 mm \u00e0 frente e 100 mm atr\u00e1s, com a forqueta Rockshox SID SL Select 3P e o amortecedor traseiro SIDLUXE Select+ 3P, que proporcionam equil\u00edbrio e desempenho nos terrenos mais duros. Constru\u00edda em torno de um quadro de carbono Premium com geometria BMC moderna e prote\u00e7\u00f5es integradas, permite levar dois bid\u00f5es para etapas de Endurance. A transmiss\u00e3o fica a cargo do afiado SHIMANO SLX e as rodas s\u00e3o as altamente fi\u00e1veis DT Swiss X 1900.<\/p>\n<p>&nbsp;<\/p>\n<p>&nbsp;<\/p>\n<p>&nbsp;<\/p>\n<p>&nbsp;<\/p>\n<p>&nbsp;<\/p>\n<p>&nbsp;<\/p>\n<p>.<\/p>\n","protected":false},"excerpt":{"rendered":"<div class=\"product-block bmc-product-desc\">Cuadro Fourstroke 01 con suspensi\u00f3n de 110\/100 mm. Suspensiones Rockshox SID, transmisi\u00f3n SHIMANO SLX y ruedas DT Swiss X 1900.<\/div>\n<h3 data-path-to-node=\"9,0\">CARACTER\u00cdSTICAS PRINCIPAIS<\/h3>\n<ul data-path-to-node=\"9,1\">\n<li>\n<p data-path-to-node=\"9,1,0,0\">Quadro <b>Fourstroke R 01 Premium Carbon<\/b> (120mm de curso)<\/p>\n<\/li>\n<li>\n<p data-path-to-node=\"9,1,1,0\">Suspens\u00e3o de competi\u00e7\u00e3o <b>\u00d6hlins<\/b> (120mm)<\/p>\n<\/li>\n<li>\n<p data-path-to-node=\"9,1,2,0\">Grupo eletr\u00f3nico <b>SRAM XX SL Eagle AXS<\/b> (Wireless, 1&#215;12)<\/p>\n<\/li>\n<li>\n<p data-path-to-node=\"9,1,3,0\">Espig\u00e3o telesc\u00f3pico <b>BMC Autodrop<\/b> integrado e ultraleve<\/p>\n<\/li>\n<li>\n<p data-path-to-node=\"9,1,4,0\">Rodas de carbono <b>DT Swiss XRC 1200<\/b> (Topo de Gama)<\/p>\n<\/li>\n<\/ul>\n<div class=\"wpex-alert wpex-alert-warning wpex-alert-error\"><strong>Importante:<\/strong> deve primeiro selecionar as cores e o size.<\/div>\n","protected":false},"featured_media":6815,"comment_status":"open","ping_status":"closed","template":"","meta":[],"product_brand":[377],"product_cat":[29,369,396],"product_tag":[],"class_list":{"0":"post-6814","1":"product","2":"type-product","3":"status-publish","4":"has-post-thumbnail","6":"product_brand-bmc","7":"product_cat-bicicletas","8":"product_cat-bmc","9":"product_cat-mountain","10":"entry","11":"has-media","13":"first","14":"instock","15":"taxable","16":"shipping-taxable","17":"purchasable","18":"product-type-variable"},"_links":{"self":[{"href":"https:\/\/ridextravel.com\/ridemybike\/wp-json\/wp\/v2\/product\/6814","targetHints":{"allow":["GET"]}}],"collection":[{"href":"https:\/\/ridextravel.com\/ridemybike\/wp-json\/wp\/v2\/product"}],"about":[{"href":"https:\/\/ridextravel.com\/ridemybike\/wp-json\/wp\/v2\/types\/product"}],"replies":[{"embeddable":true,"href":"https:\/\/ridextravel.com\/ridemybike\/wp-json\/wp\/v2\/comments?post=6814"}],"wp:featuredmedia":[{"embeddable":true,"href":"https:\/\/ridextravel.com\/ridemybike\/wp-json\/wp\/v2\/media\/6815"}],"wp:attachment":[{"href":"https:\/\/ridextravel.com\/ridemybike\/wp-json\/wp\/v2\/media?parent=6814"}],"wp:term":[{"taxonomy":"product_brand","embeddable":true,"href":"https:\/\/ridextravel.com\/ridemybike\/wp-json\/wp\/v2\/product_brand?post=6814"},{"taxonomy":"product_cat","embeddable":true,"href":"https:\/\/ridextravel.com\/ridemybike\/wp-json\/wp\/v2\/product_cat?post=6814"},{"taxonomy":"product_tag","embeddable":true,"href":"https:\/\/ridextravel.com\/ridemybike\/wp-json\/wp\/v2\/product_tag?post=6814"}],"curies":[{"name":"wp","href":"https:\/\/api.w.org\/{rel}","templated":true}]}}