{"id":995,"date":"2022-05-10T14:53:20","date_gmt":"2022-05-10T14:53:20","guid":{"rendered":"https:\/\/ridextravel.com\/ridemybike\/?post_type=product&#038;p=995"},"modified":"2022-05-11T11:16:55","modified_gmt":"2022-05-11T11:16:55","slug":"luvas-100-sling-cinzento","status":"publish","type":"product","link":"https:\/\/ridextravel.com\/ridemybike\/produto\/luvas-100-sling-cinzento\/","title":{"rendered":"Luvas 100% Sling cinzento"},"content":{"rendered":"<p>Luvas 100% Sling.<\/p>\n<p>Caracter\u00edsticas:<br \/>\n&#8211; Punho com painel traseiro em relevo para um conforto simples e um look moderno.<br \/>\n&#8211; Tecido ultraleve e el\u00e1stico de 4 dire\u00e7\u00f5es, com perfura\u00e7\u00f5es a laser para uma boa respirabilidade.<br \/>\n&#8211; Palma de uma \u00fanica camada de couro e perfurada<br \/>\n&#8211; Aplica\u00e7\u00f5es de malha nos dedos que favorecem o fluxo de ar<br \/>\n&#8211; Refletor na parte superior da m\u00e3o para uma maior visibilidade<br \/>\n&#8211; O fio tecnol\u00f3gico integrado ajuda-lhe a usar sem problemas os seus aparelhos eletr\u00f3nicos.<\/p>\n","protected":false},"excerpt":{"rendered":"<p>Luvas 100% Sling. Caracter\u00edsticas: &#8211; Punho com painel traseiro em relevo para um conforto simples e um look moderno. &#8211; Tecido ultraleve e el\u00e1stico de 4 dire\u00e7\u00f5es, com perfura\u00e7\u00f5es a laser para uma boa respirabilidade. &#8211; Palma de uma \u00fanica camada de couro e perfurada &#8211; Aplica\u00e7\u00f5es de malha nos dedos que favorecem o fluxo&hellip;<\/p>\n","protected":false},"featured_media":996,"comment_status":"open","ping_status":"closed","template":"","meta":[],"product_brand":[],"product_cat":[31,28],"product_tag":[],"class_list":{"0":"post-995","1":"product","2":"type-product","3":"status-publish","4":"has-post-thumbnail","6":"product_cat-equipamento","7":"product_cat-luvas","8":"entry","9":"has-media","11":"first","12":"instock","13":"taxable","14":"shipping-taxable","15":"purchasable","16":"product-type-variable"},"_links":{"self":[{"href":"https:\/\/ridextravel.com\/ridemybike\/wp-json\/wp\/v2\/product\/995","targetHints":{"allow":["GET"]}}],"collection":[{"href":"https:\/\/ridextravel.com\/ridemybike\/wp-json\/wp\/v2\/product"}],"about":[{"href":"https:\/\/ridextravel.com\/ridemybike\/wp-json\/wp\/v2\/types\/product"}],"replies":[{"embeddable":true,"href":"https:\/\/ridextravel.com\/ridemybike\/wp-json\/wp\/v2\/comments?post=995"}],"wp:featuredmedia":[{"embeddable":true,"href":"https:\/\/ridextravel.com\/ridemybike\/wp-json\/wp\/v2\/media\/996"}],"wp:attachment":[{"href":"https:\/\/ridextravel.com\/ridemybike\/wp-json\/wp\/v2\/media?parent=995"}],"wp:term":[{"taxonomy":"product_brand","embeddable":true,"href":"https:\/\/ridextravel.com\/ridemybike\/wp-json\/wp\/v2\/product_brand?post=995"},{"taxonomy":"product_cat","embeddable":true,"href":"https:\/\/ridextravel.com\/ridemybike\/wp-json\/wp\/v2\/product_cat?post=995"},{"taxonomy":"product_tag","embeddable":true,"href":"https:\/\/ridextravel.com\/ridemybike\/wp-json\/wp\/v2\/product_tag?post=995"}],"curies":[{"name":"wp","href":"https:\/\/api.w.org\/{rel}","templated":true}]}}